CRAN Package Check Results for Package kko

Last updated on 2024-06-13 22:49:32 CEST.

Flavor Version Tinstall Tcheck Ttotal Status Flags
r-devel-linux-x86_64-debian-clang 1.0.1 6.08 75.12 81.20 OK
r-devel-linux-x86_64-debian-gcc 1.0.1 0.23 1.86 2.09 ERROR
r-devel-linux-x86_64-fedora-clang 1.0.1 102.75 OK
r-devel-linux-x86_64-fedora-gcc 1.0.1 110.40 OK
r-devel-windows-x86_64 1.0.1 7.00 90.00 97.00 OK
r-patched-linux-x86_64 1.0.1 4.48 72.10 76.58 OK
r-release-linux-x86_64 1.0.1 4.99 70.63 75.62 OK
r-release-macos-arm64 1.0.1 44.00 OK
r-release-macos-x86_64 1.0.1 70.00 OK
r-release-windows-x86_64 1.0.1 7.00 91.00 98.00 OK
r-oldrel-macos-arm64 1.0.1 49.00 OK
r-oldrel-macos-x86_64 1.0.1 77.00 OK
r-oldrel-windows-x86_64 1.0.1 10.00 108.00 118.00 OK

Check Details

Version: 1.0.1
Check: package dependencies
Result: ERROR Package required but not available: ‘ExtDist’ Package suggested but not available for checking: ‘ggplot2’ See section ‘The DESCRIPTION file’ in the ‘Writing R Extensions’ manual. Flavor: r-devel-linux-x86_64-debian-gcc