CRAN Package Check Results for Package knitrProgressBar

Last updated on 2021-09-25 22:54:09 CEST.

Flavor Version Tinstall Tcheck Ttotal Status Flags
r-devel-linux-x86_64-debian-clang 1.1.0 5.28 30.00 35.28 NOTE
r-devel-linux-x86_64-debian-gcc 1.1.0 3.82 23.31 27.13 NOTE
r-devel-linux-x86_64-fedora-clang 1.1.0 49.74 NOTE
r-devel-linux-x86_64-fedora-gcc 1.1.0 39.81 NOTE
r-devel-windows-x86_64 1.1.0 5.00 46.00 51.00 NOTE
r-devel-windows-x86_64-gcc10-UCRT 1.1.0 NOTE
r-patched-linux-x86_64 1.1.0 4.81 28.89 33.70 NOTE
r-patched-solaris-x86 1.1.0 59.70 NOTE
r-release-linux-x86_64 1.1.0 4.02 29.24 33.26 NOTE
r-release-macos-arm64 1.1.0 NOTE
r-release-macos-x86_64 1.1.0 NOTE
r-release-windows-ix86+x86_64 1.1.0 9.00 43.00 52.00 NOTE
r-oldrel-macos-x86_64 1.1.0 OK
r-oldrel-windows-ix86+x86_64 1.1.0 31.00 42.00 73.00 OK

Check Details

Version: 1.1.0
Check: LazyData
Result: NOTE
     'LazyData' is specified without a 'data' directory
Flavors: r-devel-linux-x86_64-debian-clang, r-devel-linux-x86_64-debian-gcc, r-devel-linux-x86_64-fedora-clang, r-devel-linux-x86_64-fedora-gcc, r-devel-windows-x86_64, r-devel-windows-x86_64-gcc10-UCRT, r-patched-linux-x86_64, r-patched-solaris-x86, r-release-linux-x86_64, r-release-macos-arm64, r-release-macos-x86_64, r-release-windows-ix86+x86_64

Version: 1.1.0
Check: for non-standard things in the check directory
Result: NOTE
    Found the following files/directories:
     'Killed after '
Flavors: r-devel-linux-x86_64-debian-clang, r-devel-linux-x86_64-debian-gcc, r-devel-linux-x86_64-fedora-clang, r-devel-linux-x86_64-fedora-gcc, r-patched-linux-x86_64, r-patched-solaris-x86, r-release-linux-x86_64