CRAN Package Check Results for Package knn.covertree

Last updated on 2023-09-24 22:59:42 CEST.

Flavor Version Tinstall Tcheck Ttotal Status Flags
r-devel-linux-x86_64-debian-clang 1.0 40.35 73.38 113.73 NOTE
r-devel-linux-x86_64-debian-gcc 1.0 32.07 55.62 87.69 NOTE
r-devel-linux-x86_64-fedora-clang 1.0 158.85 NOTE
r-devel-linux-x86_64-fedora-gcc 1.0 155.00 NOTE
r-devel-windows-x86_64 1.0 35.00 86.00 121.00 NOTE
r-patched-linux-x86_64 1.0 35.56 71.25 106.81 NOTE
r-release-linux-x86_64 1.0 42.94 71.15 114.09 NOTE
r-release-macos-arm64 1.0 44.00 NOTE
r-release-macos-x86_64 1.0 72.00 NOTE
r-release-windows-x86_64 1.0 45.00 103.00 148.00 NOTE
r-oldrel-macos-arm64 1.0 42.00 OK
r-oldrel-macos-x86_64 1.0 55.00 OK
r-oldrel-windows-x86_64 1.0 43.00 99.00 142.00 OK

Check Details

Version: 1.0
Check: C++ specification
Result: NOTE
     Specified C++11: please drop specification unless essential
Flavors: r-devel-linux-x86_64-debian-clang, r-devel-linux-x86_64-debian-gcc, r-devel-linux-x86_64-fedora-clang, r-devel-linux-x86_64-fedora-gcc, r-devel-windows-x86_64, r-patched-linux-x86_64, r-release-linux-x86_64, r-release-macos-arm64, r-release-macos-x86_64, r-release-windows-x86_64