CRAN Package Check Results for Package koRpus

Last updated on 2021-12-08 22:57:39 CET.

Flavor Version Tinstall Tcheck Ttotal Status Flags
r-devel-linux-x86_64-debian-clang 0.13-8 24.35 175.81 200.16 NOTE
r-devel-linux-x86_64-debian-gcc 0.13-8 20.98 129.90 150.88 NOTE
r-devel-linux-x86_64-fedora-clang 0.13-8 241.40 NOTE
r-devel-linux-x86_64-fedora-gcc 0.13-8 237.48 NOTE
r-devel-windows-x86_64-new-UL 0.13-8 58.00 238.00 296.00 NOTE
r-devel-windows-x86_64-new-TK 0.13-8 NOTE
r-devel-windows-x86_64-old 0.13-8 39.00 180.00 219.00 NOTE
r-patched-linux-x86_64 0.13-8 29.64 166.95 196.59 NOTE
r-release-linux-x86_64 0.13-8 21.49 166.96 188.45 NOTE
r-release-macos-arm64 0.13-8 NOTE
r-release-macos-x86_64 0.13-8 NOTE
r-release-windows-ix86+x86_64 0.13-8 33.00 210.00 243.00 NOTE
r-oldrel-macos-x86_64 0.13-8 NOTE
r-oldrel-windows-ix86+x86_64 0.13-8 44.00 210.00 254.00 NOTE

Check Details

Version: 0.13-8
Check: package dependencies
Result: NOTE
    Packages suggested but not available for checking:
     'koRpus.lang.de', 'koRpus.lang.es', 'koRpus.lang.fr',
     'koRpus.lang.it', 'koRpus.lang.nl', 'koRpus.lang.pt',
     'koRpus.lang.ru'
    
    Package which this enhances but not available for checking: 'rkward'
Flavors: r-devel-linux-x86_64-debian-clang, r-devel-linux-x86_64-debian-gcc, r-devel-linux-x86_64-fedora-clang, r-devel-linux-x86_64-fedora-gcc, r-devel-windows-x86_64-new-UL, r-devel-windows-x86_64-new-TK, r-devel-windows-x86_64-old, r-patched-linux-x86_64, r-release-linux-x86_64, r-release-macos-arm64, r-release-macos-x86_64, r-release-windows-ix86+x86_64, r-oldrel-macos-x86_64, r-oldrel-windows-ix86+x86_64