Last updated on 2023-09-30 22:59:10 CEST.
Flavor | Version | Tinstall | Tcheck | Ttotal | Status | Flags |
---|---|---|---|---|---|---|
r-devel-linux-x86_64-debian-clang | 0.13-8 | 22.72 | 181.75 | 204.47 | NOTE | |
r-devel-linux-x86_64-debian-gcc | 0.13-8 | 20.04 | 143.14 | 163.18 | NOTE | |
r-devel-linux-x86_64-fedora-clang | 0.13-8 | 274.34 | NOTE | |||
r-devel-linux-x86_64-fedora-gcc | 0.13-8 | 274.42 | NOTE | |||
r-devel-windows-x86_64 | 0.13-8 | 22.00 | 180.00 | 202.00 | NOTE | |
r-patched-linux-x86_64 | 0.13-8 | 24.66 | 183.85 | 208.51 | NOTE | |
r-release-linux-x86_64 | 0.13-8 | 24.86 | 185.25 | 210.11 | NOTE | |
r-release-macos-arm64 | 0.13-8 | 77.00 | NOTE | |||
r-release-macos-x86_64 | 0.13-8 | 134.00 | NOTE | |||
r-release-windows-x86_64 | 0.13-8 | 31.00 | 224.00 | 255.00 | NOTE | |
r-oldrel-macos-arm64 | 0.13-8 | 68.00 | NOTE | |||
r-oldrel-macos-x86_64 | 0.13-8 | 98.00 | NOTE | |||
r-oldrel-windows-x86_64 | 0.13-8 | 31.00 | 198.00 | 229.00 | NOTE |
Version: 0.13-8
Check: package dependencies
Result: NOTE
Packages suggested but not available for checking:
'koRpus.lang.de', 'koRpus.lang.es', 'koRpus.lang.fr',
'koRpus.lang.it', 'koRpus.lang.nl', 'koRpus.lang.pt',
'koRpus.lang.ru'
Package which this enhances but not available for checking: ‘rkward’
Flavors: r-devel-linux-x86_64-debian-clang, r-devel-linux-x86_64-debian-gcc, r-devel-linux-x86_64-fedora-clang, r-devel-linux-x86_64-fedora-gcc, r-devel-windows-x86_64, r-patched-linux-x86_64, r-release-linux-x86_64, r-release-macos-arm64, r-release-macos-x86_64, r-release-windows-x86_64, r-oldrel-macos-arm64, r-oldrel-macos-x86_64, r-oldrel-windows-x86_64