Last updated on 2024-04-23 22:55:26 CEST.
Flavor | Version | Tinstall | Tcheck | Ttotal | Status | Flags |
---|---|---|---|---|---|---|
r-devel-linux-x86_64-debian-clang | 1.0.1 | 42.22 | 176.25 | 218.47 | NOTE | |
r-devel-linux-x86_64-debian-gcc | 1.0.1 | 51.58 | 127.42 | 179.00 | NOTE | |
r-devel-linux-x86_64-fedora-clang | 1.0.1 | 266.50 | NOTE | |||
r-devel-linux-x86_64-fedora-gcc | 1.0.1 | 260.00 | NOTE | |||
r-prerel-macos-arm64 | 1.0.1 | 111.00 | NOTE | |||
r-prerel-windows-x86_64 | 1.0.1 | 67.00 | 170.00 | 237.00 | NOTE | |
r-patched-linux-x86_64 | 1.0.1 | 41.24 | 166.60 | 207.84 | NOTE | |
r-release-linux-x86_64 | 1.0.1 | 39.34 | 167.90 | 207.24 | OK | |
r-release-macos-arm64 | 1.0.1 | 154.00 | NOTE | |||
r-release-macos-x86_64 | 1.0.1 | 203.00 | NOTE | |||
r-release-windows-x86_64 | 1.0.1 | 46.00 | 190.00 | 236.00 | OK | |
r-oldrel-macos-arm64 | 1.0.1 | 142.00 | NOTE | |||
r-oldrel-windows-x86_64 | 1.0.1 | 46.00 | 192.00 | 238.00 | OK |
Version: 1.0.1
Check: Rd files
Result: NOTE
checkRd: (-1) ln_quantile_value.Rd:44: Lost braces in \itemize; \value handles \item{}{} directly
checkRd: (-1) ln_quantile_value.Rd:45: Lost braces in \itemize; \value handles \item{}{} directly
checkRd: (-1) ln_quantile_value.Rd:46: Lost braces in \itemize; \value handles \item{}{} directly
checkRd: (-1) ln_quantile_value.Rd:47: Lost braces in \itemize; \value handles \item{}{} directly
checkRd: (-1) ln_quantile_value.Rd:48: Lost braces in \itemize; \value handles \item{}{} directly
checkRd: (-1) ln_quantile_value.Rd:49: Lost braces in \itemize; \value handles \item{}{} directly
Flavors: r-devel-linux-x86_64-debian-clang, r-devel-linux-x86_64-debian-gcc, r-devel-linux-x86_64-fedora-clang, r-devel-linux-x86_64-fedora-gcc, r-prerel-macos-arm64, r-prerel-windows-x86_64, r-patched-linux-x86_64
Version: 1.0.1
Check: installed package size
Result: NOTE
installed size is 5.4Mb
sub-directories of 1Mb or more:
R 5.2Mb
Flavors: r-prerel-macos-arm64, r-release-macos-arm64, r-release-macos-x86_64, r-oldrel-macos-arm64