Last updated on 2024-04-18 22:52:46 CEST.
Flavor | Version | Tinstall | Tcheck | Ttotal | Status | Flags |
---|---|---|---|---|---|---|
r-devel-linux-x86_64-debian-clang | 1.0.5 | 4.08 | 48.92 | 53.00 | OK | |
r-devel-linux-x86_64-debian-gcc | 1.0.5 | 3.91 | 36.71 | 40.62 | OK | |
r-devel-linux-x86_64-fedora-clang | 1.0.5 | 67.09 | NOTE | |||
r-devel-linux-x86_64-fedora-gcc | 1.0.5 | 75.90 | NOTE | |||
r-prerel-macos-arm64 | 1.0.5 | 38.00 | OK | |||
r-prerel-windows-x86_64 | 1.0.5 | 6.00 | 57.00 | 63.00 | OK | |
r-patched-linux-x86_64 | 1.0.5 | 4.20 | 46.83 | 51.03 | OK | |
r-release-linux-x86_64 | 1.0.5 | 3.35 | 45.07 | 48.42 | OK | |
r-release-macos-arm64 | 1.0.5 | 28.00 | OK | |||
r-release-macos-x86_64 | 1.0.5 | 37.00 | OK | |||
r-release-windows-x86_64 | 1.0.5 | 6.00 | 62.00 | 68.00 | OK | |
r-oldrel-macos-arm64 | 1.0.5 | 30.00 | NOTE | |||
r-oldrel-windows-x86_64 | 1.0.5 | 7.00 | 68.00 | 75.00 | OK |
Version: 1.0.5
Check: dependencies in R code
Result: NOTE
Namespace in Imports field not imported from: ‘stringr’
All declared Imports should be used.
Flavors: r-devel-linux-x86_64-fedora-clang, r-devel-linux-x86_64-fedora-gcc, r-oldrel-macos-arm64