CRAN Package Check Results for Package lactater

Last updated on 2022-07-05 22:50:25 CEST.

Flavor Version Tinstall Tcheck Ttotal Status Flags
r-devel-linux-x86_64-debian-clang 0.1.0 4.39 54.60 58.99 OK
r-devel-linux-x86_64-debian-gcc 0.1.0 3.29 41.61 44.90 OK
r-devel-linux-x86_64-fedora-clang 0.1.0 79.10 NOTE
r-devel-linux-x86_64-fedora-gcc 0.1.0 78.52 OK
r-devel-windows-x86_64 0.1.0 32.00 84.00 116.00 OK
r-patched-linux-x86_64 0.1.0 3.01 53.61 56.62 OK
r-release-linux-x86_64 0.1.0 2.46 52.77 55.23 OK
r-release-macos-arm64 0.1.0 26.00 OK
r-release-macos-x86_64 0.1.0 45.00 OK
r-release-windows-x86_64 0.1.0 21.00 83.00 104.00 OK
r-oldrel-macos-arm64 0.1.0 22.00 OK
r-oldrel-macos-x86_64 0.1.0 31.00 OK
r-oldrel-windows-ix86+x86_64 0.1.0 12.00 73.00 85.00 OK

Check Details

Version: 0.1.0
Check: Rd cross-references
Result: NOTE
    Undeclared package ‘tibble’ in Rd xrefs
Flavor: r-devel-linux-x86_64-fedora-clang