CRAN Package Check Results for Package laeken

Last updated on 2024-06-13 22:49:32 CEST.

Flavor Version Tinstall Tcheck Ttotal Status Flags
r-devel-linux-x86_64-debian-clang 0.5.3 7.96 149.48 157.44 OK
r-devel-linux-x86_64-debian-gcc 0.5.3 6.13 116.66 122.79 OK
r-devel-linux-x86_64-fedora-clang 0.5.3 194.89 OK
r-devel-linux-x86_64-fedora-gcc 0.5.3 206.55 OK
r-devel-windows-x86_64 0.5.3 7.00 43953.00 43960.00 ERROR
r-patched-linux-x86_64 0.5.3 10.04 146.23 156.27 OK
r-release-linux-x86_64 0.5.3 6.69 145.94 152.63 OK
r-release-macos-arm64 0.5.3 78.00 OK
r-release-macos-x86_64 0.5.3 169.00 OK
r-release-windows-x86_64 0.5.3 8.00 230.00 238.00 OK
r-oldrel-macos-arm64 0.5.3 94.00 OK
r-oldrel-macos-x86_64 0.5.3 299.00 OK
r-oldrel-windows-x86_64 0.5.3 8.00 212.00 220.00 OK

Check Details

Version: 0.5.3
Check: re-building of vignette outputs
Result: ERROR Error(s) in re-building vignettes: --- re-building 'laeken-intro.Rnw' using Sweave --- finished re-building 'laeken-intro.Rnw' --- re-building 'laeken-pareto.Rnw' using Sweave Warning in system(paste(shQuote(texi2dvi), if (quiet) "--quiet" else "", : running command '"C:\PROGRA~1\MiKTeX\miktex\bin\x64\texify.exe" --quiet --pdf "laeken-pareto.tex" --max-iterations=20 -I "D:/RCompile/recent/R/share/texmf/tex/latex" -I "D:/RCompile/recent/R/share/texmf/bibtex/bst"' had status 1 Error: processing vignette 'laeken-pareto.Rnw' failed with diagnostics: Failed to locate 'texi2pdf' output file 'laeken-pareto.pdf' for vignette with name 'laeken-pareto' and engine 'utils::Sweave'. The following files exist in working directory 'D:\RCompile\CRANpkg\local\4.5\laeken.Rcheck\vign_test\laeken\vignettes': 'laeken-intro-018.pdf' (231871 bytes), 'laeken-intro-023.pdf' (231912 bytes), 'laeken-intro.Rnw' (58583 bytes), 'laeken-intro.aux' (6643 bytes), 'laeken-intro.bbl' (11323 bytes), 'laeken-intro.blg' (1119 bytes), 'laeken-intro.log' (26201 bytes), 'laeken-intro.out' (7298 bytes), 'laeken-intro.pdf' (1.09636e+06 bytes), 'laeken-intro.tex' (63878 bytes), 'laeken-pareto-007.pdf' (18556 bytes), 'laeken-pareto-011.pdf' (244185 bytes), 'laeken-pareto-012.pdf' (243549 bytes), 'laeken-pareto.Rnw' (40002 bytes), 'laeken-pareto.tex' (42109 bytes), 'laeken-standard.Rnw' (36281 bytes), 'laeken-variance.Rnw' (17037 bytes), 'laeken.bib' (18604 bytes) --- failed re-building 'laeken-pareto.Rnw' --- re-building 'laeken-standard.Rnw' using Sweave --- finished re-building 'laeken-standard.Rnw' --- re-building 'laeken-variance.Rnw' using Sweave --- finished re-building 'laeken-variance.Rnw' SUMMARY: processing the following file failed: 'laeken-pareto.Rnw' Error: Vignette re-building failed. Execution halted Flavor: r-devel-windows-x86_64