CRAN Package Check Results for Package lamW

Last updated on 2021-08-04 22:55:19 CEST.

Flavor Version Tinstall Tcheck Ttotal Status Flags
r-devel-linux-x86_64-debian-clang 2.1.0 25.30 28.90 54.20 NOTE
r-devel-linux-x86_64-debian-gcc 2.1.0 13.39 22.76 36.15 NOTE
r-devel-linux-x86_64-fedora-clang 2.1.0 73.32 NOTE
r-devel-linux-x86_64-fedora-gcc 2.1.0 58.69 NOTE
r-devel-windows-x86_64 2.1.0 19.00 57.00 76.00 NOTE
r-devel-windows-x86_64-gcc10-UCRT 2.1.0 NOTE
r-patched-linux-x86_64 2.1.0 18.77 27.31 46.08 NOTE
r-patched-solaris-x86 2.1.0 75.10 NOTE
r-release-linux-x86_64 2.1.0 19.13 27.48 46.61 NOTE
r-release-macos-arm64 2.1.0 NOTE
r-release-macos-x86_64 2.1.0 NOTE
r-release-windows-ix86+x86_64 2.1.0 51.00 59.00 110.00 NOTE
r-oldrel-macos-x86_64 2.1.0 NOTE
r-oldrel-windows-ix86+x86_64 2.1.0 38.00 79.00 117.00 NOTE

Check Details

Version: 2.1.0
Check: for GNU extensions in Makefiles
Result: NOTE
    GNU make is a SystemRequirements.
Flavors: r-devel-linux-x86_64-debian-clang, r-devel-linux-x86_64-debian-gcc, r-devel-linux-x86_64-fedora-clang, r-devel-linux-x86_64-fedora-gcc, r-devel-windows-x86_64, r-devel-windows-x86_64-gcc10-UCRT, r-patched-linux-x86_64, r-patched-solaris-x86, r-release-linux-x86_64, r-release-macos-arm64, r-release-macos-x86_64, r-release-windows-ix86+x86_64, r-oldrel-macos-x86_64, r-oldrel-windows-ix86+x86_64

Version: 2.1.0
Check: Rd cross-references
Result: NOTE
    Undeclared package ‘gsl’ in Rd xrefs
Flavor: r-devel-linux-x86_64-fedora-clang