CRAN Package Check Results for Package lamW

Last updated on 2021-10-19 22:53:59 CEST.

Flavor Version Tinstall Tcheck Ttotal Status Flags
r-devel-linux-x86_64-debian-clang 2.1.0 21.75 27.76 49.51 NOTE
r-devel-linux-x86_64-debian-gcc 2.1.0 13.27 21.99 35.26 NOTE
r-devel-linux-x86_64-fedora-clang 2.1.0 74.66 NOTE
r-devel-linux-x86_64-fedora-gcc 2.1.0 57.49 NOTE
r-devel-windows-x86_64 2.1.0 28.00 59.00 87.00 NOTE
r-devel-windows-x86_64-gcc10-UCRT 2.1.0 NOTE
r-patched-linux-x86_64 2.1.0 18.79 25.78 44.57 NOTE
r-patched-solaris-x86 2.1.0 73.00 NOTE
r-release-linux-x86_64 2.1.0 18.90 26.58 45.48 NOTE
r-release-macos-arm64 2.1.0 NOTE
r-release-macos-x86_64 2.1.0 NOTE
r-release-windows-ix86+x86_64 2.1.0 35.00 70.00 105.00 NOTE
r-oldrel-macos-x86_64 2.1.0 NOTE
r-oldrel-windows-ix86+x86_64 2.1.0 55.00 80.00 135.00 NOTE

Check Details

Version: 2.1.0
Check: for GNU extensions in Makefiles
Result: NOTE
    GNU make is a SystemRequirements.
Flavors: r-devel-linux-x86_64-debian-clang, r-devel-linux-x86_64-debian-gcc, r-devel-linux-x86_64-fedora-clang, r-devel-linux-x86_64-fedora-gcc, r-devel-windows-x86_64, r-devel-windows-x86_64-gcc10-UCRT, r-patched-linux-x86_64, r-patched-solaris-x86, r-release-linux-x86_64, r-release-macos-arm64, r-release-macos-x86_64, r-release-windows-ix86+x86_64, r-oldrel-macos-x86_64, r-oldrel-windows-ix86+x86_64

Version: 2.1.0
Check: Rd cross-references
Result: NOTE
    Undeclared package ‘gsl’ in Rd xrefs
Flavor: r-devel-linux-x86_64-fedora-clang