CRAN Package Check Results for Package lambda.r

Last updated on 2024-02-26 23:03:43 CET.

Flavor Version Tinstall Tcheck Ttotal Status Flags
r-devel-linux-x86_64-debian-clang 1.2.4 3.39 35.54 38.93 NOTE
r-devel-linux-x86_64-debian-gcc 1.2.4 2.90 27.40 30.30 NOTE
r-devel-linux-x86_64-fedora-clang 1.2.4 48.53 NOTE
r-devel-linux-x86_64-fedora-gcc 1.2.4 48.08 OK
r-devel-windows-x86_64 1.2.4 4.00 51.00 55.00 OK
r-patched-linux-x86_64 1.2.4 3.06 35.16 38.22 OK
r-release-linux-x86_64 1.2.4 3.48 34.88 38.36 OK
r-release-macos-arm64 1.2.4 20.00 OK
r-release-macos-x86_64 1.2.4 28.00 OK
r-release-windows-x86_64 1.2.4 5.00 55.00 60.00 OK
r-oldrel-macos-arm64 1.2.4 24.00 OK
r-oldrel-windows-x86_64 1.2.4 5.00 56.00 61.00 OK

Check Details

Version: 1.2.4
Check: Rd files
Result: NOTE checkRd: (-1) lambda.r-package.Rd:71-74: Lost braces 71 | x \%g\% y \%:=\% { | ^ Flavors: r-devel-linux-x86_64-debian-clang, r-devel-linux-x86_64-debian-gcc, r-devel-linux-x86_64-fedora-clang