CRAN Package Check Results for Package landmap

Last updated on 2021-05-12 22:53:34 CEST.

Flavor Version Tinstall Tcheck Ttotal Status Flags
r-devel-linux-x86_64-debian-clang 0.0.9 11.92 112.40 124.32 OK
r-devel-linux-x86_64-debian-gcc 0.0.9 9.64 85.19 94.83 OK
r-devel-linux-x86_64-fedora-clang 0.0.9 156.95 NOTE
r-devel-linux-x86_64-fedora-gcc 0.0.9 146.81 NOTE
r-devel-windows-ix86+x86_64 0.0.9 26.00 99.00 125.00 OK
r-devel-windows-x86_64-gcc10-UCRT 0.0.9 NOTE
r-patched-linux-x86_64 0.0.9 12.14 107.71 119.85 OK
r-patched-solaris-x86 0.0.9 215.20 NOTE
r-release-linux-x86_64 0.0.9 10.86 108.40 119.26 OK
r-release-macos-x86_64 0.0.9 NOTE
r-release-windows-ix86+x86_64 0.0.9 19.00 139.00 158.00 OK
r-oldrel-macos-x86_64 0.0.9 NOTE
r-oldrel-windows-ix86+x86_64 0.0.9 21.00 125.00 146.00 OK

Additional issues

donttest

Check Details

Version: 0.0.9
Check: dependencies in R code
Result: NOTE
    Namespace in Imports field not imported from: ‘meteo’
     All declared Imports should be used.
Flavors: r-devel-linux-x86_64-fedora-clang, r-devel-linux-x86_64-fedora-gcc, r-devel-windows-x86_64-gcc10-UCRT, r-patched-solaris-x86, r-release-macos-x86_64, r-oldrel-macos-x86_64

Version: 0.0.9
Check: data for non-ASCII characters
Result: NOTE
     Note: found 23 marked UTF-8 strings
Flavors: r-devel-linux-x86_64-fedora-clang, r-devel-linux-x86_64-fedora-gcc, r-devel-windows-x86_64-gcc10-UCRT, r-patched-solaris-x86, r-release-macos-x86_64, r-oldrel-macos-x86_64