CRAN Package Check Results for Package landsepi

Last updated on 2021-10-20 23:50:14 CEST.

Flavor Version Tinstall Tcheck Ttotal Status Flags
r-devel-linux-x86_64-debian-clang 1.1.1 76.05 172.86 248.91 OK
r-devel-linux-x86_64-debian-gcc 1.1.1 53.33 131.04 184.37 OK
r-devel-linux-x86_64-fedora-clang 1.1.1 344.85 NOTE
r-devel-linux-x86_64-fedora-gcc 1.1.1 307.38 OK
r-devel-windows-x86_64 1.1.1 100.00 219.00 319.00 NOTE
r-devel-windows-x86_64-gcc10-UCRT 1.1.1 OK
r-patched-linux-x86_64 1.1.1 65.30 166.16 231.46 OK
r-patched-solaris-x86 1.1.1 363.30 NOTE
r-release-linux-x86_64 1.1.1 61.67 165.77 227.44 OK
r-release-macos-arm64 1.1.1 NOTE
r-release-macos-x86_64 1.1.1 NOTE
r-release-windows-ix86+x86_64 1.1.1 181.00 307.00 488.00 NOTE
r-oldrel-macos-x86_64 1.1.1 NOTE
r-oldrel-windows-ix86+x86_64 1.1.1 129.00 211.00 340.00 NOTE

Check Details

Version: 1.1.1
Check: installed package size
Result: NOTE
     installed size is 6.2Mb
     sub-directories of 1Mb or more:
     libs 2.0Mb
     shiny-landsepi 1.3Mb
Flavors: r-devel-linux-x86_64-fedora-clang, r-devel-windows-x86_64, r-patched-solaris-x86, r-release-macos-arm64, r-release-macos-x86_64, r-release-windows-ix86+x86_64, r-oldrel-macos-x86_64, r-oldrel-windows-ix86+x86_64