CRAN Package Check Results for Package languagelayeR

Last updated on 2021-12-03 22:57:44 CET.

Flavor Version Tinstall Tcheck Ttotal Status Flags
r-devel-linux-x86_64-debian-clang 1.2.4 2.24 28.99 31.23 NOTE
r-devel-linux-x86_64-debian-gcc 1.2.4 1.81 23.67 25.48 NOTE
r-devel-linux-x86_64-fedora-clang 1.2.4 48.27 NOTE
r-devel-linux-x86_64-fedora-gcc 1.2.4 37.13 NOTE
r-devel-windows-x86_64-new-UL 1.2.4 7.00 70.00 77.00 NOTE
r-devel-windows-x86_64-new-TK 1.2.4 NOTE
r-devel-windows-x86_64-old 1.2.4 4.00 38.00 42.00 NOTE
r-patched-linux-x86_64 1.2.4 2.37 26.90 29.27 NOTE
r-release-linux-x86_64 1.2.4 2.22 26.88 29.10 NOTE
r-release-macos-arm64 1.2.4 NOTE
r-release-macos-x86_64 1.2.4 NOTE
r-release-windows-ix86+x86_64 1.2.4 6.00 45.00 51.00 NOTE
r-oldrel-macos-x86_64 1.2.4 OK
r-oldrel-windows-ix86+x86_64 1.2.4 6.00 46.00 52.00 OK

Check Details

Version: 1.2.4
Check: LazyData
Result: NOTE
     'LazyData' is specified without a 'data' directory
Flavors: r-devel-linux-x86_64-debian-clang, r-devel-linux-x86_64-debian-gcc, r-devel-linux-x86_64-fedora-clang, r-devel-linux-x86_64-fedora-gcc, r-devel-windows-x86_64-new-UL, r-devel-windows-x86_64-new-TK, r-devel-windows-x86_64-old, r-patched-linux-x86_64, r-release-linux-x86_64, r-release-macos-arm64, r-release-macos-x86_64, r-release-windows-ix86+x86_64