Last updated on 2023-09-25 22:12:42 CEST.
Flavor | Version | Tinstall | Tcheck | Ttotal | Status | Flags |
---|---|---|---|---|---|---|
r-devel-linux-x86_64-debian-clang | 1.1 | 38.67 | 82.67 | 121.34 | NOTE | |
r-devel-linux-x86_64-debian-gcc | 1.1 | 26.41 | 63.25 | 89.66 | NOTE | |
r-devel-linux-x86_64-fedora-clang | 1.1 | 156.86 | NOTE | |||
r-devel-linux-x86_64-fedora-gcc | 1.1 | 153.82 | NOTE | |||
r-devel-windows-x86_64 | 1.1 | 31.00 | 92.00 | 123.00 | NOTE | |
r-patched-linux-x86_64 | 1.1 | 37.32 | 79.53 | 116.85 | NOTE | |
r-release-linux-x86_64 | 1.1 | 34.31 | 80.98 | 115.29 | NOTE | |
r-release-macos-arm64 | 1.1 | 47.00 | NOTE | |||
r-release-macos-x86_64 | 1.1 | 73.00 | NOTE | |||
r-release-windows-x86_64 | 1.1 | 40.00 | 110.00 | 150.00 | NOTE | |
r-oldrel-macos-arm64 | 1.1 | 43.00 | OK | |||
r-oldrel-macos-x86_64 | 1.1 | 58.00 | OK | |||
r-oldrel-windows-x86_64 | 1.1 | 39.00 | 117.00 | 156.00 | OK |
Version: 1.1
Check: C++ specification
Result: NOTE
Specified C++11: please drop specification unless essential
Flavors: r-devel-linux-x86_64-debian-clang, r-devel-linux-x86_64-debian-gcc, r-devel-linux-x86_64-fedora-clang, r-devel-linux-x86_64-fedora-gcc, r-devel-windows-x86_64, r-patched-linux-x86_64, r-release-linux-x86_64, r-release-macos-arm64, r-release-macos-x86_64, r-release-windows-x86_64