CRAN Package Check Results for Package latte

Last updated on 2021-07-22 22:52:07 CEST.

Flavor Version Tinstall Tcheck Ttotal Status Flags
r-devel-linux-x86_64-debian-clang 0.2.1 8.45 64.00 72.45 NOTE
r-devel-linux-x86_64-debian-gcc 0.2.1 7.17 48.26 55.43 NOTE
r-devel-linux-x86_64-fedora-clang 0.2.1 100.45 NOTE
r-devel-linux-x86_64-fedora-gcc 0.2.1 83.30 NOTE
r-devel-windows-x86_64 0.2.1 10.00 64.00 74.00 NOTE
r-devel-windows-x86_64-gcc10-UCRT 0.2.1 NOTE
r-patched-linux-x86_64 0.2.1 NOTE
r-patched-solaris-x86 0.2.1 118.50 NOTE
r-release-linux-x86_64 0.2.1 7.33 59.66 66.99 NOTE
r-release-macos-arm64 0.2.1 NOTE
r-release-macos-x86_64 0.2.1 NOTE
r-release-windows-ix86+x86_64 0.2.1 19.00 62.00 81.00 NOTE
r-oldrel-macos-x86_64 0.2.1 OK
r-oldrel-windows-ix86+x86_64 0.2.1 21.00 79.00 100.00 OK

Check Details

Version: 0.2.1
Check: LazyData
Result: NOTE
     'LazyData' is specified without a 'data' directory
Flavors: r-devel-linux-x86_64-debian-clang, r-devel-linux-x86_64-debian-gcc, r-devel-linux-x86_64-fedora-clang, r-devel-linux-x86_64-fedora-gcc, r-devel-windows-x86_64, r-devel-windows-x86_64-gcc10-UCRT, r-patched-linux-x86_64, r-patched-solaris-x86, r-release-linux-x86_64, r-release-macos-arm64, r-release-macos-x86_64, r-release-windows-ix86+x86_64