CRAN Package Check Results for Package latticeDensity

Last updated on 2021-07-22 22:52:07 CEST.

Flavor Version Tinstall Tcheck Ttotal Status Flags
r-devel-linux-x86_64-debian-clang 1.2.6 19.49 276.27 295.76 OK
r-devel-linux-x86_64-debian-gcc 1.2.6 16.16 206.91 223.07 OK
r-devel-linux-x86_64-fedora-clang 1.2.6 377.50 NOTE
r-devel-linux-x86_64-fedora-gcc 1.2.6 363.31 NOTE
r-devel-windows-x86_64 1.2.6 25.00 241.00 266.00 OK
r-devel-windows-x86_64-gcc10-UCRT 1.2.6 NOTE
r-patched-linux-x86_64 1.2.6 OK
r-patched-solaris-x86 1.2.6 624.70 NOTE
r-release-linux-x86_64 1.2.6 19.14 263.60 282.74 OK
r-release-macos-arm64 1.2.6 NOTE
r-release-macos-x86_64 1.2.6 NOTE
r-release-windows-ix86+x86_64 1.2.6 47.00 305.00 352.00 OK
r-oldrel-macos-x86_64 1.2.6 NOTE
r-oldrel-windows-ix86+x86_64 1.2.6 47.00 317.00 364.00 OK

Check Details

Version: 1.2.6
Check: dependencies in R code
Result: NOTE
    Namespace in Imports field not imported from: ‘sf’
     All declared Imports should be used.
Flavors: r-devel-linux-x86_64-fedora-clang, r-devel-linux-x86_64-fedora-gcc, r-devel-windows-x86_64-gcc10-UCRT, r-patched-solaris-x86, r-release-macos-arm64, r-release-macos-x86_64, r-oldrel-macos-x86_64