CRAN Package Check Results for Package lava

Last updated on 2019-07-20 22:48:04 CEST.

Flavor Version Tinstall Tcheck Ttotal Status Flags
r-devel-linux-x86_64-debian-clang 1.6.5 32.16 257.90 290.06 OK
r-devel-linux-x86_64-debian-gcc 1.6.5 28.94 198.13 227.07 OK
r-devel-linux-x86_64-fedora-clang 1.6.5 352.09 OK
r-devel-linux-x86_64-fedora-gcc 1.6.5 358.71 OK
r-devel-windows-ix86+x86_64 1.6.5 51.00 348.00 399.00 OK
r-patched-linux-x86_64 1.6.5 29.18 257.55 286.73 OK
r-patched-solaris-x86 1.6.5 427.60 OK
r-release-linux-x86_64 1.6.5 32.81 253.33 286.14 OK
r-release-windows-ix86+x86_64 1.6.5 45.00 249.00 294.00 OK
r-release-osx-x86_64 1.6.5 NOTE
r-oldrel-windows-ix86+x86_64 1.6.5 53.00 229.00 282.00 OK
r-oldrel-osx-x86_64 1.6.5 OK

Check Details

Version: 1.6.5
Check: package dependencies
Result: NOTE
    Packages suggested but not available for checking: 'Rgraphviz', 'graph'
Flavor: r-release-osx-x86_64