CRAN Package Check Results for Package lava

Last updated on 2019-11-18 22:47:14 CET.

Flavor Version Tinstall Tcheck Ttotal Status Flags
r-devel-linux-x86_64-debian-clang 1.6.6 34.52 272.73 307.25 NOTE
r-devel-linux-x86_64-debian-gcc 1.6.6 32.71 207.24 239.95 NOTE
r-devel-linux-x86_64-fedora-clang 1.6.6 342.33 NOTE
r-devel-linux-x86_64-fedora-gcc 1.6.6 348.31 NOTE
r-devel-windows-ix86+x86_64 1.6.6 66.00 344.00 410.00 OK
r-patched-linux-x86_64 1.6.6 33.71 253.31 287.02 NOTE
r-patched-solaris-x86 1.6.6 424.90 NOTE
r-release-linux-x86_64 1.6.6 35.23 253.46 288.69 NOTE
r-release-windows-ix86+x86_64 1.6.6 50.00 246.00 296.00 OK
r-release-osx-x86_64 1.6.6 NOTE
r-oldrel-windows-ix86+x86_64 1.6.6 40.00 223.00 263.00 OK
r-oldrel-osx-x86_64 1.6.6 OK

Check Details

Version: 1.6.6
Check: package dependencies
Result: NOTE
    Package suggested but not available for checking: 'gof'
Flavors: r-devel-linux-x86_64-debian-clang, r-devel-linux-x86_64-debian-gcc, r-devel-linux-x86_64-fedora-clang, r-devel-linux-x86_64-fedora-gcc, r-patched-linux-x86_64, r-patched-solaris-x86, r-release-linux-x86_64

Version: 1.6.6
Check: package dependencies
Result: NOTE
    Packages suggested but not available for checking: 'Rgraphviz', 'graph'
Flavor: r-release-osx-x86_64