CRAN Package Check Results for Package lawstat

Last updated on 2021-06-17 22:54:58 CEST.

Flavor Version Tinstall Tcheck Ttotal Status Flags
r-devel-linux-x86_64-debian-clang 3.4 6.61 52.64 59.25 OK
r-devel-linux-x86_64-debian-gcc 3.4 5.38 40.57 45.95 OK
r-devel-linux-x86_64-fedora-clang 3.4 78.85 NOTE
r-devel-linux-x86_64-fedora-gcc 3.4 69.54 OK
r-devel-windows-x86_64 3.4 10.00 62.00 72.00 OK
r-devel-windows-x86_64-gcc10-UCRT 3.4 OK
r-patched-linux-x86_64 3.4 6.49 51.04 57.53 OK
r-patched-solaris-x86 3.4 96.00 OK
r-release-linux-x86_64 3.4 5.99 51.54 57.53 OK
r-release-macos-arm64 3.4 OK
r-release-macos-x86_64 3.4 OK
r-release-windows-ix86+x86_64 3.4 11.00 70.00 81.00 OK
r-oldrel-macos-x86_64 3.4 OK
r-oldrel-windows-ix86+x86_64 3.4 10.00 81.00 91.00 OK

Check Details

Version: 3.4
Check: Rd cross-references
Result: NOTE
    Undeclared packages ‘VGAM’, ‘tseries’ in Rd xrefs
Flavor: r-devel-linux-x86_64-fedora-clang