CRAN Package Check Results for Package lazysf

Last updated on 2021-05-17 22:56:28 CEST.

Flavor Version Tinstall Tcheck Ttotal Status Flags
r-devel-linux-x86_64-debian-clang 0.1.0 8.09 62.94 71.03 NOTE
r-devel-linux-x86_64-debian-gcc 0.1.0 6.15 47.60 53.75 NOTE
r-devel-linux-x86_64-fedora-clang 0.1.0 92.37 NOTE
r-devel-linux-x86_64-fedora-gcc 0.1.0 82.69 NOTE
r-devel-windows-ix86+x86_64 0.1.0 28.00 74.00 102.00 NOTE
r-devel-windows-x86_64-gcc10-UCRT 0.1.0 NOTE
r-patched-linux-x86_64 0.1.0 11.90 58.18 70.08 NOTE
r-patched-solaris-x86 0.1.0 129.60 NOTE
r-release-linux-x86_64 0.1.0 7.60 58.49 66.09 OK
r-release-macos-x86_64 0.1.0 OK
r-release-windows-ix86+x86_64 0.1.0 14.00 59.00 73.00 OK
r-oldrel-macos-x86_64 0.1.0 OK
r-oldrel-windows-ix86+x86_64 0.1.0 11.00 81.00 92.00 OK

Check Details

Version: 0.1.0
Check: LazyData
Result: NOTE
     'LazyData' is specified without a 'data' directory
Flavors: r-devel-linux-x86_64-debian-clang, r-devel-linux-x86_64-debian-gcc, r-devel-linux-x86_64-fedora-clang, r-devel-linux-x86_64-fedora-gcc, r-devel-windows-ix86+x86_64, r-devel-windows-x86_64-gcc10-UCRT, r-patched-linux-x86_64, r-patched-solaris-x86