Last updated on 2023-10-01 23:03:49 CEST.
Flavor | Version | Tinstall | Tcheck | Ttotal | Status | Flags |
---|---|---|---|---|---|---|
r-devel-linux-x86_64-debian-clang | 2.0.2 | 155.83 | 267.55 | 423.38 | WARN | |
r-devel-linux-x86_64-debian-gcc | 2.0.2 | 134.15 | 202.44 | 336.59 | WARN | |
r-devel-linux-x86_64-fedora-clang | 2.0.2 | 582.21 | WARN | |||
r-devel-linux-x86_64-fedora-gcc | 2.0.2 | 605.84 | WARN | |||
r-devel-windows-x86_64 | 2.0.2 | 115.00 | 192.00 | 307.00 | WARN | |
r-patched-linux-x86_64 | 2.0.2 | 156.04 | 272.93 | 428.97 | OK | |
r-release-linux-x86_64 | 2.0.2 | 152.13 | 278.52 | 430.65 | OK | |
r-release-macos-arm64 | 2.0.2 | 169.00 | OK | |||
r-release-macos-x86_64 | 2.0.2 | 272.00 | OK | |||
r-release-windows-x86_64 | 2.0.2 | 153.00 | 253.00 | 406.00 | OK | |
r-oldrel-macos-arm64 | 2.0.2 | 149.00 | OK | |||
r-oldrel-macos-x86_64 | 2.0.2 | 169.00 | OK | |||
r-oldrel-windows-x86_64 | 2.0.2 | 146.00 | 230.00 | 376.00 | OK |
Version: 2.0.2
Check: usage of KIND in Fortran files
Result: WARN
Found the following file with non-portable usage of KIND:
compute.f90
For details set environment variable _R_CHECK_FORTRAN_KIND_DETAILS_ to
a true value.
Flavors: r-devel-linux-x86_64-debian-clang, r-devel-linux-x86_64-debian-gcc, r-devel-linux-x86_64-fedora-clang, r-devel-linux-x86_64-fedora-gcc, r-devel-windows-x86_64
Version: 2.0.2
Check: installed package size
Result: NOTE
installed size is 7.5Mb
sub-directories of 1Mb or more:
R 1.4Mb
libs 5.4Mb
Flavor: r-devel-linux-x86_64-fedora-clang