CRAN Package Check Results for Package ldat

Last updated on 2021-08-03 22:53:27 CEST.

Flavor Version Tinstall Tcheck Ttotal Status Flags
r-devel-linux-x86_64-debian-clang 0.3.3 54.44 38.33 92.77 NOTE
r-devel-linux-x86_64-debian-gcc 0.3.3 31.08 30.17 61.25 NOTE
r-devel-linux-x86_64-fedora-clang 0.3.3 134.31 NOTE
r-devel-linux-x86_64-fedora-gcc 0.3.3 110.17 NOTE
r-devel-windows-x86_64 0.3.3 58.00 71.00 129.00 NOTE
r-devel-windows-x86_64-gcc10-UCRT 0.3.3 NOTE
r-patched-linux-x86_64 0.3.3 41.25 37.04 78.29 NOTE
r-patched-solaris-x86 0.3.3 118.60 ERROR
r-release-linux-x86_64 0.3.3 39.19 36.93 76.12 NOTE
r-release-macos-arm64 0.3.3 NOTE
r-release-macos-x86_64 0.3.3 NOTE
r-release-windows-ix86+x86_64 0.3.3 154.00 72.00 226.00 NOTE
r-oldrel-macos-x86_64 0.3.3 OK
r-oldrel-windows-ix86+x86_64 0.3.3 110.00 98.00 208.00 OK

Check Details

Version: 0.3.3
Check: LazyData
Result: NOTE
     'LazyData' is specified without a 'data' directory
Flavors: r-devel-linux-x86_64-debian-clang, r-devel-linux-x86_64-debian-gcc, r-devel-linux-x86_64-fedora-clang, r-devel-linux-x86_64-fedora-gcc, r-devel-windows-x86_64, r-devel-windows-x86_64-gcc10-UCRT, r-patched-linux-x86_64, r-patched-solaris-x86, r-release-linux-x86_64, r-release-macos-arm64, r-release-macos-x86_64, r-release-windows-ix86+x86_64

Version: 0.3.3
Check: tests
Result: ERROR
     Running ‘tests.R’ [4s/17s]
    Running the tests in ‘tests/tests.R’ failed.
    Complete output:
     > library(ldat)
     Loading required package: lvec
    
     Attaching package: 'lvec'
    
     The following object is masked from 'package:base':
    
     order
    
     Loading required package: Rcpp
    
     Attaching package: 'ldat'
    
     The following objects are masked from 'package:base':
    
     append, match, table, which
    
     > library(testthat)
     >
     > test_check("ldat")
    
     *** caught bus error ***
     address f7b60000, cause 'object specific hardware error'
    
     Traceback:
     1: as_lvec(values)
     2: lset.lvec(result, range = c(start, stop), values = sample)
     3: lset(result, range = c(start, stop), values = sample)
     4: generate(20000, function(n) sample(6, n, replace = TRUE))
     5: eval(code, test_env)
     6: eval(code, test_env)
     7: withCallingHandlers({ eval(code, test_env) if (!handled && !is.null(test)) { skip_empty() }}, expectation = handle_expectation, skip = handle_skip, warning = handle_warning, message = handle_message, error = handle_error)
     8: doTryCatch(return(expr), name, parentenv, handler)
     9: tryCatchOne(expr, names, parentenv, handlers[[1L]])
     10: tryCatchList(expr, names[-nh], parentenv, handlers[-nh])
     11: doTryCatch(return(expr), name, parentenv, handler)
     12: tryCatchOne(tryCatchList(expr, names[-nh], parentenv, handlers[-nh]), names[nh], parentenv, handlers[[nh]])
     13: tryCatchList(expr, classes, parentenv, handlers)
     14: tryCatch(withCallingHandlers({ eval(code, test_env) if (!handled && !is.null(test)) { skip_empty() }}, expectation = handle_expectation, skip = handle_skip, warning = handle_warning, message = handle_message, error = handle_error), error = handle_fatal, skip = function(e) { })
     15: test_code(desc, code, env = parent.frame(), reporter = reporter)
     16: test_that("generate works", { set.seed(1) x <- generate(20000, rnorm) set.seed(1) y <- rnorm(20000) expect_that(as_rvec(x), equals(y)) set.seed(1) x <- generate(20000, function(n) sample(6, n, replace = TRUE)) set.seed(1) y <- sample(6, 20000, replace = TRUE) expect_that(as_rvec(x), equals(y))})
     17: eval(code, test_env)
     18: eval(code, test_env)
     19: withCallingHandlers({ eval(code, test_env) if (!handled && !is.null(test)) { skip_empty() }}, expectation = handle_expectation, skip = handle_skip, warning = handle_warning, message = handle_message, error = handle_error)
     20: doTryCatch(return(expr), name, parentenv, handler)
     21: tryCatchOne(expr, names, parentenv, handlers[[1L]])
     22: tryCatchList(expr, names[-nh], parentenv, handlers[-nh])
     23: doTryCatch(return(expr), name, parentenv, handler)
     24: tryCatchOne(tryCatchList(expr, names[-nh], parentenv, handlers[-nh]), names[nh], parentenv, handlers[[nh]])
     25: tryCatchList(expr, classes, parentenv, handlers)
     26: tryCatch(withCallingHandlers({ eval(code, test_env) if (!handled && !is.null(test)) { skip_empty() }}, expectation = handle_expectation, skip = handle_skip, warning = handle_warning, message = handle_message, error = handle_error), error = handle_fatal, skip = function(e) { })
     27: test_code(NULL, exprs, env)
     28: source_file(path, child_env(env), wrap = wrap)
     29: FUN(X[[i]], ...)
     30: lapply(test_paths, test_one_file, env = env, wrap = wrap)
     31: force(code)
     32: doWithOneRestart(return(expr), restart)
     33: withOneRestart(expr, restarts[[1L]])
     34: withRestarts(testthat_abort_reporter = function() NULL, force(code))
     35: with_reporter(reporters$multi, lapply(test_paths, test_one_file, env = env, wrap = wrap))
     36: test_files(test_dir = test_dir, test_package = test_package, test_paths = test_paths, load_helpers = load_helpers, reporter = reporter, env = env, stop_on_failure = stop_on_failure, stop_on_warning = stop_on_warning, wrap = wrap, load_package = load_package)
     37: test_files(test_dir = path, test_paths = test_paths, test_package = package, reporter = reporter, load_helpers = load_helpers, env = env, stop_on_failure = stop_on_failure, stop_on_warning = stop_on_warning, wrap = wrap, load_package = load_package, parallel = parallel)
     38: test_dir("testthat", package = package, reporter = reporter, ..., load_package = "installed")
     39: test_check("ldat")
     An irrecoverable exception occurred. R is aborting now ...
Flavor: r-patched-solaris-x86