CRAN Package Check Results for Package ldbod

Last updated on 2024-05-18 22:27:39 CEST.

Flavor Version Tinstall Tcheck Ttotal Status Flags
r-devel-linux-x86_64-debian-clang 0.1.2 3.18 31.14 34.32 NOTE
r-devel-linux-x86_64-debian-gcc 0.1.2 2.41 23.25 25.66 NOTE
r-devel-linux-x86_64-fedora-clang 0.1.2 41.96 NOTE
r-devel-linux-x86_64-fedora-gcc 0.1.2 42.37 NOTE
r-devel-windows-x86_64 0.1.2 4.00 44.00 48.00 NOTE
r-patched-linux-x86_64 0.1.2 3.01 29.23 32.24 NOTE
r-release-linux-x86_64 0.1.2 2.27 29.64 31.91 NOTE
r-release-macos-arm64 0.1.2 16.00 NOTE
r-release-windows-x86_64 0.1.2 3.00 44.00 47.00 NOTE
r-oldrel-macos-arm64 0.1.2 17.00 NOTE
r-oldrel-macos-x86_64 0.1.2 24.00 NOTE
r-oldrel-windows-x86_64 0.1.2 3.00 44.00 47.00 NOTE

Check Details

Version: 0.1.2
Check: LazyData
Result: NOTE 'LazyData' is specified without a 'data' directory Flavors: r-devel-linux-x86_64-debian-clang, r-devel-linux-x86_64-debian-gcc, r-devel-linux-x86_64-fedora-clang, r-devel-linux-x86_64-fedora-gcc, r-devel-windows-x86_64, r-patched-linux-x86_64, r-release-linux-x86_64, r-release-macos-arm64, r-release-windows-x86_64, r-oldrel-macos-arm64, r-oldrel-macos-x86_64, r-oldrel-windows-x86_64