CRAN Package Check Results for Package ldsep

Last updated on 2024-02-29 22:58:48 CET.

Flavor Version Tinstall Tcheck Ttotal Status Flags
r-devel-linux-x86_64-debian-clang 2.1.5 146.43 126.31 272.74 NOTE
r-devel-linux-x86_64-debian-gcc 2.1.5 112.94 93.19 206.13 NOTE
r-devel-linux-x86_64-fedora-clang 2.1.5 381.24 NOTE
r-devel-linux-x86_64-fedora-gcc 2.1.5 400.78 NOTE
r-devel-windows-x86_64 2.1.5 105.00 157.00 262.00 NOTE
r-patched-linux-x86_64 2.1.5 139.59 123.11 262.70 NOTE
r-release-linux-x86_64 2.1.5 142.47 124.21 266.68 NOTE
r-release-macos-arm64 2.1.5 79.00 NOTE
r-release-macos-x86_64 2.1.5 129.00 NOTE
r-release-windows-x86_64 2.1.5 132.00 175.00 307.00 NOTE
r-oldrel-macos-arm64 2.1.5 98.00 NOTE
r-oldrel-windows-x86_64 2.1.5 130.00 170.00 300.00 OK

Check Details

Version: 2.1.5
Check: C++ specification
Result: NOTE Specified C++11: please drop specification unless essential Flavors: r-devel-linux-x86_64-debian-clang, r-devel-linux-x86_64-debian-gcc, r-devel-linux-x86_64-fedora-clang, r-devel-linux-x86_64-fedora-gcc, r-devel-windows-x86_64, r-patched-linux-x86_64, r-release-linux-x86_64, r-release-macos-arm64, r-release-macos-x86_64, r-release-windows-x86_64

Version: 2.1.5
Check: package dependencies
Result: NOTE Package suggested but not available for checking: ‘VariantAnnotation’ Flavors: r-release-macos-arm64, r-release-macos-x86_64

Version: 2.1.5
Check: installed package size
Result: NOTE installed size is 6.0Mb sub-directories of 1Mb or more: libs 5.2Mb Flavors: r-release-macos-arm64, r-release-macos-x86_64, r-oldrel-macos-arm64