Last updated on 2024-04-18 22:52:46 CEST.
Flavor | Version | Tinstall | Tcheck | Ttotal | Status | Flags |
---|---|---|---|---|---|---|
r-devel-linux-x86_64-debian-clang | 1.2.0 | 7.32 | 90.25 | 97.57 | OK | |
r-devel-linux-x86_64-debian-gcc | 1.2.0 | 4.32 | 66.24 | 70.56 | OK | |
r-devel-linux-x86_64-fedora-clang | 1.2.0 | 120.79 | NOTE | |||
r-devel-linux-x86_64-fedora-gcc | 1.2.0 | 126.08 | NOTE | |||
r-prerel-macos-arm64 | 1.2.0 | 49.00 | OK | |||
r-prerel-windows-x86_64 | 1.2.0 | 8.00 | 89.00 | 97.00 | OK | |
r-patched-linux-x86_64 | 1.2.0 | 7.00 | 85.52 | 92.52 | OK | |
r-release-linux-x86_64 | 1.2.0 | 5.77 | 80.34 | 86.11 | OK | |
r-release-macos-arm64 | 1.2.0 | 48.00 | OK | |||
r-release-macos-x86_64 | 1.2.0 | 70.00 | OK | |||
r-release-windows-x86_64 | 1.2.0 | 8.00 | 99.00 | 107.00 | OK | |
r-oldrel-macos-arm64 | 1.2.0 | 38.00 | NOTE | |||
r-oldrel-windows-x86_64 | 1.2.0 | 9.00 | 110.00 | 119.00 | OK |
Version: 1.2.0
Check: data for non-ASCII characters
Result: NOTE
Note: found 75 marked UTF-8 strings
Flavors: r-devel-linux-x86_64-fedora-clang, r-devel-linux-x86_64-fedora-gcc, r-oldrel-macos-arm64