CRAN Package Check Results for Package leaflet.extras

Last updated on 2021-12-01 22:53:15 CET.

Flavor Version Tinstall Tcheck Ttotal Status Flags
r-devel-linux-x86_64-debian-clang 1.0.0 4.11 35.51 39.62 NOTE
r-devel-linux-x86_64-debian-gcc 1.0.0 3.61 27.60 31.21 NOTE
r-devel-linux-x86_64-fedora-clang 1.0.0 58.21 NOTE
r-devel-linux-x86_64-fedora-gcc 1.0.0 46.92 NOTE
r-devel-windows-x86_64-new-UL 1.0.0 22.00 81.00 103.00 NOTE
r-devel-windows-x86_64-new-TK 1.0.0 NOTE
r-devel-windows-x86_64-old 1.0.0 8.00 40.00 48.00 NOTE
r-patched-linux-x86_64 1.0.0 10.25 34.25 44.50 NOTE
r-patched-solaris-x86 1.0.0 74.60 NOTE
r-release-linux-x86_64 1.0.0 4.63 34.10 38.73 NOTE
r-release-macos-arm64 1.0.0 NOTE
r-release-macos-x86_64 1.0.0 NOTE
r-release-windows-ix86+x86_64 1.0.0 10.00 54.00 64.00 NOTE
r-oldrel-macos-x86_64 1.0.0 OK
r-oldrel-windows-ix86+x86_64 1.0.0 10.00 54.00 64.00 OK

Check Details

Version: 1.0.0
Check: LazyData
Result: NOTE
     'LazyData' is specified without a 'data' directory
Flavors: r-devel-linux-x86_64-debian-clang, r-devel-linux-x86_64-debian-gcc, r-devel-linux-x86_64-fedora-clang, r-devel-linux-x86_64-fedora-gcc, r-devel-windows-x86_64-new-UL, r-devel-windows-x86_64-new-TK, r-devel-windows-x86_64-old, r-patched-linux-x86_64, r-patched-solaris-x86, r-release-linux-x86_64, r-release-macos-arm64, r-release-macos-x86_64, r-release-windows-ix86+x86_64

Version: 1.0.0
Check: installed package size
Result: NOTE
     installed size is 5.5Mb
     sub-directories of 1Mb or more:
     htmlwidgets 4.2Mb
Flavor: r-patched-solaris-x86