CRAN Package Check Results for Package leaflet.extras

Last updated on 2021-05-12 22:53:34 CEST.

Flavor Version Tinstall Tcheck Ttotal Status Flags
r-devel-linux-x86_64-debian-clang 1.0.0 4.12 35.78 39.90 NOTE
r-devel-linux-x86_64-debian-gcc 1.0.0 3.38 27.86 31.24 NOTE
r-devel-linux-x86_64-fedora-clang 1.0.0 59.04 NOTE
r-devel-linux-x86_64-fedora-gcc 1.0.0 49.15 NOTE
r-devel-windows-ix86+x86_64 1.0.0 12.00 44.00 56.00 NOTE
r-devel-windows-x86_64-gcc10-UCRT 1.0.0 NOTE
r-patched-linux-x86_64 1.0.0 8.51 35.03 43.54 NOTE
r-patched-solaris-x86 1.0.0 73.00 NOTE
r-release-linux-x86_64 1.0.0 4.39 34.55 38.94 OK
r-release-macos-x86_64 1.0.0 OK
r-release-windows-ix86+x86_64 1.0.0 8.00 60.00 68.00 OK
r-oldrel-macos-x86_64 1.0.0 OK
r-oldrel-windows-ix86+x86_64 1.0.0 8.00 44.00 52.00 OK

Check Details

Version: 1.0.0
Check: LazyData
Result: NOTE
     'LazyData' is specified without a 'data' directory
Flavors: r-devel-linux-x86_64-debian-clang, r-devel-linux-x86_64-debian-gcc, r-devel-linux-x86_64-fedora-clang, r-devel-linux-x86_64-fedora-gcc, r-devel-windows-ix86+x86_64, r-devel-windows-x86_64-gcc10-UCRT, r-patched-linux-x86_64, r-patched-solaris-x86

Version: 1.0.0
Check: installed package size
Result: NOTE
     installed size is 5.5Mb
     sub-directories of 1Mb or more:
     htmlwidgets 4.2Mb
Flavor: r-patched-solaris-x86