CRAN Package Check Results for Package leafletCN

Last updated on 2023-09-28 23:08:49 CEST.

Flavor Version Tinstall Tcheck Ttotal Status Flags
r-devel-linux-x86_64-debian-clang 0.2.1 4.29 46.24 50.53 OK
r-devel-linux-x86_64-debian-gcc 0.2.1 5.10 35.08 40.18 OK
r-devel-linux-x86_64-fedora-clang 0.2.1 62.58 NOTE
r-devel-linux-x86_64-fedora-gcc 0.2.1 61.98 NOTE
r-devel-windows-x86_64 0.2.1 8.00 55.00 63.00 NOTE
r-patched-linux-x86_64 0.2.1 4.92 45.09 50.01 OK
r-release-linux-x86_64 0.2.1 4.07 44.36 48.43 OK
r-release-macos-arm64 0.2.1 25.00 NOTE
r-release-macos-x86_64 0.2.1 37.00 NOTE
r-release-windows-x86_64 0.2.1 10.00 60.00 70.00 NOTE
r-oldrel-macos-arm64 0.2.1 21.00 NOTE
r-oldrel-macos-x86_64 0.2.1 48.00 NOTE
r-oldrel-windows-x86_64 0.2.1 11.00 64.00 75.00 NOTE

Check Details

Version: 0.2.1
Check: installed package size
Result: NOTE
     installed size is 12.1Mb
     sub-directories of 1Mb or more:
     geojson 11.9Mb
Flavors: r-devel-linux-x86_64-fedora-clang, r-devel-windows-x86_64, r-release-macos-arm64, r-release-macos-x86_64, r-release-windows-x86_64, r-oldrel-macos-arm64, r-oldrel-macos-x86_64, r-oldrel-windows-x86_64

Version: 0.2.1
Check: dependencies in R code
Result: NOTE
    Namespace in Imports field not imported from: ‘rgeos’
     All declared Imports should be used.
Flavors: r-devel-linux-x86_64-fedora-clang, r-devel-linux-x86_64-fedora-gcc, r-oldrel-macos-arm64, r-oldrel-macos-x86_64

Version: 0.2.1
Check: data for non-ASCII characters
Result: NOTE
     Note: found 1096 marked UTF-8 strings
Flavors: r-devel-linux-x86_64-fedora-clang, r-devel-linux-x86_64-fedora-gcc, r-oldrel-macos-arm64, r-oldrel-macos-x86_64