CRAN Package Check Results for Package leafpm

Last updated on 2023-09-28 23:08:49 CEST.

Flavor Version Tinstall Tcheck Ttotal Status Flags
r-devel-linux-x86_64-debian-clang 0.1.0 1.74 23.58 25.32 NOTE
r-devel-linux-x86_64-debian-gcc 0.1.0 1.82 17.91 19.73 NOTE
r-devel-linux-x86_64-fedora-clang 0.1.0 32.56 NOTE
r-devel-linux-x86_64-fedora-gcc 0.1.0 32.33 NOTE
r-devel-windows-x86_64 0.1.0 4.00 42.00 46.00 NOTE
r-patched-linux-x86_64 0.1.0 2.13 22.51 24.64 NOTE
r-release-linux-x86_64 0.1.0 1.53 22.85 24.38 NOTE
r-release-macos-arm64 0.1.0 18.00 NOTE
r-release-macos-x86_64 0.1.0 21.00 NOTE
r-release-windows-x86_64 0.1.0 5.00 41.00 46.00 NOTE
r-oldrel-macos-arm64 0.1.0 15.00 NOTE
r-oldrel-macos-x86_64 0.1.0 27.00 NOTE
r-oldrel-windows-x86_64 0.1.0 5.00 44.00 49.00 NOTE

Check Details

Version: 0.1.0
Check: LazyData
Result: NOTE
     'LazyData' is specified without a 'data' directory
Flavors: r-devel-linux-x86_64-debian-clang, r-devel-linux-x86_64-debian-gcc, r-devel-linux-x86_64-fedora-clang, r-devel-linux-x86_64-fedora-gcc, r-devel-windows-x86_64, r-patched-linux-x86_64, r-release-linux-x86_64, r-release-macos-arm64, r-release-macos-x86_64, r-release-windows-x86_64, r-oldrel-macos-arm64, r-oldrel-macos-x86_64, r-oldrel-windows-x86_64

Version: 0.1.0
Check: dependencies in R code
Result: NOTE
    Namespaces in Imports field not imported from:
     ‘dplyr’ ‘htmlwidgets’ ‘jsonlite’ ‘sf’
     All declared Imports should be used.
Flavors: r-devel-linux-x86_64-fedora-clang, r-devel-linux-x86_64-fedora-gcc, r-oldrel-macos-arm64, r-oldrel-macos-x86_64