CRAN Package Check Results for Package learningtower

Last updated on 2021-11-27 22:57:01 CET.

Flavor Version Tinstall Tcheck Ttotal Status Flags
r-devel-linux-x86_64-debian-clang 1.0.0 OK
r-devel-linux-x86_64-debian-gcc 1.0.0 3.30 76.61 79.91 OK
r-devel-linux-x86_64-fedora-clang 1.0.0 133.28 NOTE
r-devel-linux-x86_64-fedora-gcc 1.0.0 121.59 NOTE
r-devel-windows-x86_64-new-UL 1.0.0 11.00 192.00 203.00 OK
r-devel-windows-x86_64-new-TK 1.0.0 NOTE
r-devel-windows-x86_64-old 1.0.0 6.00 163.00 169.00 OK
r-patched-linux-x86_64 1.0.0 3.95 97.17 101.12 OK
r-patched-solaris-x86 1.0.0 149.40 NOTE
r-release-linux-x86_64 1.0.0 OK
r-release-macos-arm64 1.0.0 NOTE
r-release-macos-x86_64 1.0.0 NOTE
r-release-windows-ix86+x86_64 1.0.0 11.00 98.00 109.00 OK
r-oldrel-macos-x86_64 1.0.0 NOTE
r-oldrel-windows-ix86+x86_64 1.0.0 26.00 129.00 155.00 OK

Check Details

Version: 1.0.0
Check: data for non-ASCII characters
Result: NOTE
     Note: found 1 marked UTF-8 string
Flavors: r-devel-linux-x86_64-fedora-clang, r-devel-linux-x86_64-fedora-gcc, r-devel-windows-x86_64-new-TK, r-patched-solaris-x86, r-release-macos-arm64, r-release-macos-x86_64, r-oldrel-macos-x86_64

Version: 1.0.0
Check: installed package size
Result: NOTE
     installed size is 5.3Mb
     sub-directories of 1Mb or more:
     data 4.3Mb
Flavor: r-patched-solaris-x86