CRAN Package Check Results for Package learnr

Last updated on 2021-07-27 01:50:49 CEST.

Flavor Version Tinstall Tcheck Ttotal Status Flags
r-devel-linux-x86_64-debian-clang 0.10.1 7.69 71.86 79.55 NOTE
r-devel-linux-x86_64-debian-gcc 0.10.1 5.07 53.99 59.06 NOTE
r-devel-linux-x86_64-fedora-clang 0.10.1 102.17 NOTE
r-devel-linux-x86_64-fedora-gcc 0.10.1 104.20 NOTE
r-devel-windows-x86_64 0.10.1 12.00 101.00 113.00 NOTE
r-devel-windows-x86_64-gcc10-UCRT 0.10.1 NOTE
r-patched-linux-x86_64 0.10.1 6.85 69.29 76.14 NOTE
r-patched-solaris-x86 0.10.1 128.20 NOTE
r-release-linux-x86_64 0.10.1 6.57 68.52 75.09 NOTE
r-release-macos-arm64 0.10.1 NOTE
r-release-macos-x86_64 0.10.1 NOTE
r-release-windows-ix86+x86_64 0.10.1 15.00 73.00 88.00 NOTE
r-oldrel-macos-x86_64 0.10.1 OK
r-oldrel-windows-ix86+x86_64 0.10.1 12.00 89.00 101.00 OK

Check Details

Version: 0.10.1
Check: LazyData
Result: NOTE
     'LazyData' is specified without a 'data' directory
Flavors: r-devel-linux-x86_64-debian-clang, r-devel-linux-x86_64-debian-gcc, r-devel-linux-x86_64-fedora-clang, r-devel-linux-x86_64-fedora-gcc, r-devel-windows-x86_64, r-devel-windows-x86_64-gcc10-UCRT, r-patched-linux-x86_64, r-patched-solaris-x86, r-release-linux-x86_64, r-release-macos-arm64, r-release-macos-x86_64, r-release-windows-ix86+x86_64