Last updated on 2024-04-19 22:55:50 CEST.
Flavor | Version | Tinstall | Tcheck | Ttotal | Status | Flags |
---|---|---|---|---|---|---|
r-devel-linux-x86_64-debian-clang | 6.2.1 | 844.50 | 242.37 | 1086.87 | OK | |
r-devel-linux-x86_64-debian-gcc | 6.2.1 | OK | ||||
r-devel-linux-x86_64-fedora-clang | 6.2.1 | 1194.38 | NOTE | |||
r-devel-linux-x86_64-fedora-gcc | 6.2.1 | 1703.38 | OK | |||
r-prerel-macos-arm64 | 6.2.1 | 279.00 | NOTE | |||
r-prerel-macos-x86_64 | 6.2.1 | 381.00 | NOTE | |||
r-prerel-windows-x86_64 | 6.2.1 | 592.00 | 258.00 | 850.00 | NOTE | |
r-patched-linux-x86_64 | 6.2.1 | 664.10 | 231.66 | 895.76 | OK | |
r-release-linux-x86_64 | 6.2.1 | 715.41 | 233.25 | 948.66 | OK | |
r-release-macos-arm64 | 6.2.1 | 253.00 | NOTE | |||
r-release-macos-x86_64 | 6.2.1 | 383.00 | NOTE | |||
r-release-windows-x86_64 | 6.2.1 | 812.00 | 313.00 | 1125.00 | NOTE | |
r-oldrel-macos-arm64 | 6.2.1 | 244.00 | NOTE | |||
r-oldrel-windows-x86_64 | 6.2.1 | 573.00 | 277.00 | 850.00 | NOTE |
Version: 6.2.1
Check: installed package size
Result: NOTE
installed size is 12.1Mb
sub-directories of 1Mb or more:
doc 2.5Mb
libs 7.9Mb
Flavors: r-devel-linux-x86_64-fedora-clang, r-prerel-macos-arm64, r-prerel-macos-x86_64, r-prerel-windows-x86_64, r-release-macos-arm64, r-release-macos-x86_64, r-release-windows-x86_64, r-oldrel-macos-arm64, r-oldrel-windows-x86_64