Last updated on 2023-09-30 22:59:11 CEST.
Flavor | Version | Tinstall | Tcheck | Ttotal | Status | Flags |
---|---|---|---|---|---|---|
r-devel-linux-x86_64-debian-clang | 0.4.6 | 11.23 | 217.67 | 228.90 | NOTE | |
r-devel-linux-x86_64-debian-gcc | 0.4.6 | 7.99 | 158.21 | 166.20 | NOTE | |
r-devel-linux-x86_64-fedora-clang | 0.4.6 | 278.89 | NOTE | |||
r-devel-linux-x86_64-fedora-gcc | 0.4.6 | 289.71 | NOTE | |||
r-devel-windows-x86_64 | 0.4.6 | 11.00 | 175.00 | 186.00 | NOTE | |
r-patched-linux-x86_64 | 0.4.6 | 17.76 | 207.97 | 225.73 | OK | |
r-release-linux-x86_64 | 0.4.6 | 10.63 | 209.25 | 219.88 | OK | |
r-release-macos-arm64 | 0.4.6 | 87.00 | OK | |||
r-release-macos-x86_64 | 0.4.6 | 150.00 | OK | |||
r-release-windows-x86_64 | 0.4.6 | 15.00 | 217.00 | 232.00 | OK | |
r-oldrel-macos-arm64 | 0.4.6 | 98.00 | OK | |||
r-oldrel-macos-x86_64 | 0.4.6 | 132.00 | OK | |||
r-oldrel-windows-x86_64 | 0.4.6 | 14.00 | 214.00 | 228.00 | OK |
Version: 0.4.6
Check: Rd \usage sections
Result: NOTE
Documented arguments not in \usage in documentation object 'lemon-ggproto':
‘side’ ‘is.primary’
Documented arguments not in \usage in documentation object 'render_gpar':
‘name’
Functions with \usage entries need to have the appropriate \alias
entries, and all their arguments documented.
The \usage entries must correspond to syntactically valid R code.
See chapter ‘Writing R documentation files’ in the ‘Writing R
Extensions’ manual.
Flavors: r-devel-linux-x86_64-debian-clang, r-devel-linux-x86_64-debian-gcc, r-devel-linux-x86_64-fedora-clang, r-devel-linux-x86_64-fedora-gcc, r-devel-windows-x86_64