CRAN Package Check Results for Package lenght

Last updated on 2024-03-01 22:53:40 CET.

Flavor Version Tinstall Tcheck Ttotal Status Flags
r-devel-linux-x86_64-debian-clang 0.1.0 1.63 22.74 24.37 NOTE
r-devel-linux-x86_64-debian-gcc 0.1.0 1.57 17.62 19.19 NOTE
r-devel-linux-x86_64-fedora-clang 0.1.0 30.85 NOTE
r-devel-linux-x86_64-fedora-gcc 0.1.0 29.67 NOTE
r-devel-windows-x86_64 0.1.0 3.00 40.00 43.00 OK
r-patched-linux-x86_64 0.1.0 2.14 21.99 24.13 OK
r-release-linux-x86_64 0.1.0 1.71 22.09 23.80 OK
r-release-macos-arm64 0.1.0 15.00 OK
r-release-macos-x86_64 0.1.0 20.00 OK
r-release-windows-x86_64 0.1.0 3.00 42.00 45.00 OK
r-oldrel-macos-arm64 0.1.0 15.00 OK
r-oldrel-windows-x86_64 0.1.0 3.00 44.00 47.00 OK

Check Details

Version: 0.1.0
Check: Rd files
Result: NOTE checkRd: (-1) lenght.Rd:13: Lost braces; missing escapes or markup? 13 | The default method for lenght currently returns a non-negative integer of length 1, except for vectors of more than 2^{31}-1 elements, when it returns a double. | ^ checkRd: (-1) length.Rd:13: Lost braces; missing escapes or markup? 13 | The default method for length currently returns a non-negative integer of length 1, except for vectors of more than 2^{31}-1 elements, when it returns a double. | ^ checkRd: (-1) lenhgt.Rd:13: Lost braces; missing escapes or markup? 13 | The default method for lenhgt currently returns a non-negative integer of length 1, except for vectors of more than 2^{31}-1 elements, when it returns a double. | ^ checkRd: (-1) lenhtg.Rd:13: Lost braces; missing escapes or markup? 13 | The default method for lenhtg currently returns a non-negative integer of length 1, except for vectors of more than 2^{31}-1 elements, when it returns a double. | ^ checkRd: (-1) lentgh.Rd:13: Lost braces; missing escapes or markup? 13 | The default method for lentgh currently returns a non-negative integer of length 1, except for vectors of more than 2^{31}-1 elements, when it returns a double. | ^ checkRd: (-1) lenthg.Rd:13: Lost braces; missing escapes or markup? 13 | The default method for lenthg currently returns a non-negative integer of length 1, except for vectors of more than 2^{31}-1 elements, when it returns a double. | ^ Flavors: r-devel-linux-x86_64-debian-clang, r-devel-linux-x86_64-debian-gcc, r-devel-linux-x86_64-fedora-clang, r-devel-linux-x86_64-fedora-gcc