Last updated on 2023-09-21 23:03:23 CEST.
Flavor | Version | Tinstall | Tcheck | Ttotal | Status | Flags |
---|---|---|---|---|---|---|
r-devel-linux-x86_64-debian-clang | 0.1.0 | 37.61 | 158.42 | 196.03 | OK | |
r-devel-linux-x86_64-debian-gcc | 0.1.0 | 30.38 | 116.57 | 146.95 | OK | |
r-devel-linux-x86_64-fedora-clang | 0.1.0 | 246.82 | NOTE | |||
r-devel-linux-x86_64-fedora-gcc | 0.1.0 | 241.39 | NOTE | |||
r-devel-windows-x86_64 | 0.1.0 | 30.00 | 132.00 | 162.00 | OK | |
r-patched-linux-x86_64 | 0.1.0 | 35.46 | 149.81 | 185.27 | OK | |
r-release-linux-x86_64 | 0.1.0 | 25.02 | 152.21 | 177.23 | OK | |
r-release-macos-arm64 | 0.1.0 | 68.00 | OK | |||
r-release-macos-x86_64 | 0.1.0 | 113.00 | OK | |||
r-release-windows-x86_64 | 0.1.0 | 41.00 | 164.00 | 205.00 | OK | |
r-oldrel-macos-arm64 | 0.1.0 | 57.00 | NOTE | |||
r-oldrel-macos-x86_64 | 0.1.0 | 87.00 | NOTE | |||
r-oldrel-windows-x86_64 | 0.1.0 | 41.00 | 153.00 | 194.00 | OK |
Version: 0.1.0
Check: dependencies in R code
Result: NOTE
Namespace in Imports field not imported from: ‘R6’
All declared Imports should be used.
Flavors: r-devel-linux-x86_64-fedora-clang, r-devel-linux-x86_64-fedora-gcc, r-oldrel-macos-arm64, r-oldrel-macos-x86_64