CRAN Package Check Results for Package lessR

Last updated on 2021-05-14 23:50:50 CEST.

Flavor Version Tinstall Tcheck Ttotal Status Flags
r-devel-linux-x86_64-debian-clang 3.9.9 35.31 221.68 256.99 OK
r-devel-linux-x86_64-debian-gcc 3.9.9 28.91 163.30 192.21 OK
r-devel-linux-x86_64-fedora-clang 3.9.9 312.85 NOTE
r-devel-linux-x86_64-fedora-gcc 3.9.9 309.01 OK
r-devel-windows-ix86+x86_64 3.9.9 59.00 196.00 255.00 NOTE
r-devel-windows-x86_64-gcc10-UCRT 3.9.9 OK
r-patched-linux-x86_64 3.9.9 40.14 212.12 252.26 OK
r-patched-solaris-x86 3.9.9 370.50 NOTE
r-release-linux-x86_64 3.9.9 32.17 203.02 235.19 OK
r-release-macos-x86_64 3.9.9 NOTE
r-release-windows-ix86+x86_64 3.9.9 40.00 261.00 301.00 NOTE
r-oldrel-macos-x86_64 3.9.9 NOTE
r-oldrel-windows-ix86+x86_64 3.9.9 42.00 252.00 294.00 NOTE

Check Details

Version: 3.9.9
Check: installed package size
Result: NOTE
     installed size is 5.1Mb
     sub-directories of 1Mb or more:
     R 1.2Mb
     doc 2.9Mb
Flavors: r-devel-linux-x86_64-fedora-clang, r-devel-windows-ix86+x86_64, r-patched-solaris-x86, r-release-macos-x86_64, r-release-windows-ix86+x86_64, r-oldrel-macos-x86_64, r-oldrel-windows-ix86+x86_64