Last updated on 2023-09-22 23:05:02 CEST.
Flavor | Version | Tinstall | Tcheck | Ttotal | Status | Flags |
---|---|---|---|---|---|---|
r-devel-linux-x86_64-debian-clang | 1.1.0 | 3.48 | 25.28 | 28.76 | NOTE | |
r-devel-linux-x86_64-debian-gcc | 1.1.0 | 2.77 | 19.21 | 21.98 | NOTE | |
r-devel-linux-x86_64-fedora-clang | 1.1.0 | 36.97 | NOTE | |||
r-devel-linux-x86_64-fedora-gcc | 1.1.0 | 34.87 | NOTE | |||
r-devel-windows-x86_64 | 1.1.0 | 6.00 | 45.00 | 51.00 | NOTE | |
r-patched-linux-x86_64 | 1.1.0 | 3.31 | 24.90 | 28.21 | NOTE | |
r-release-linux-x86_64 | 1.1.0 | 3.12 | 24.21 | 27.33 | NOTE | |
r-release-macos-arm64 | 1.1.0 | 17.00 | NOTE | |||
r-release-macos-x86_64 | 1.1.0 | 24.00 | NOTE | |||
r-release-windows-x86_64 | 1.1.0 | 7.00 | 43.00 | 50.00 | NOTE | |
r-oldrel-macos-arm64 | 1.1.0 | 19.00 | NOTE | |||
r-oldrel-macos-x86_64 | 1.1.0 | 24.00 | NOTE | |||
r-oldrel-windows-x86_64 | 1.1.0 | 7.00 | 45.00 | 52.00 | NOTE |
Version: 1.1.0
Check: LazyData
Result: NOTE
'LazyData' is specified without a 'data' directory
Flavors: r-devel-linux-x86_64-debian-clang, r-devel-linux-x86_64-debian-gcc, r-devel-linux-x86_64-fedora-clang, r-devel-linux-x86_64-fedora-gcc, r-devel-windows-x86_64, r-patched-linux-x86_64, r-release-linux-x86_64, r-release-macos-arm64, r-release-macos-x86_64, r-release-windows-x86_64, r-oldrel-macos-arm64, r-oldrel-macos-x86_64, r-oldrel-windows-x86_64
Version: 1.1.0
Check: Rd cross-references
Result: NOTE
Undeclared package ‘MESS’ in Rd xrefs
Flavor: r-devel-linux-x86_64-fedora-clang