Last updated on 2024-04-23 22:55:26 CEST.
Flavor | Version | Tinstall | Tcheck | Ttotal | Status | Flags |
---|---|---|---|---|---|---|
r-devel-linux-x86_64-debian-clang | 2.2.0 | 83.66 | 146.56 | 230.22 | NOTE | |
r-devel-linux-x86_64-debian-gcc | 2.2.0 | 62.30 | 106.44 | 168.74 | NOTE | |
r-devel-linux-x86_64-fedora-clang | 2.2.0 | 320.14 | NOTE | |||
r-devel-linux-x86_64-fedora-gcc | 2.2.0 | 310.19 | NOTE | |||
r-prerel-macos-arm64 | 2.2.0 | 79.00 | NOTE | |||
r-prerel-windows-x86_64 | 2.2.0 | 67.00 | 152.00 | 219.00 | NOTE | |
r-patched-linux-x86_64 | 2.2.0 | 80.91 | 141.53 | 222.44 | NOTE | |
r-release-linux-x86_64 | 2.2.0 | 87.57 | 137.40 | 224.97 | NOTE | |
r-release-macos-arm64 | 2.2.0 | 88.00 | NOTE | |||
r-release-macos-x86_64 | 2.2.0 | 135.00 | NOTE | |||
r-release-windows-x86_64 | 2.2.0 | 81.00 | 188.00 | 269.00 | NOTE | |
r-oldrel-macos-arm64 | 2.2.0 | 78.00 | OK | |||
r-oldrel-windows-x86_64 | 2.2.0 | 82.00 | 166.00 | 248.00 | NOTE |
Version: 2.2.0
Check: C++ specification
Result: NOTE
Specified C++11: please drop specification unless essential
Flavors: r-devel-linux-x86_64-debian-clang, r-devel-linux-x86_64-debian-gcc, r-devel-linux-x86_64-fedora-clang, r-devel-linux-x86_64-fedora-gcc, r-prerel-macos-arm64, r-prerel-windows-x86_64, r-patched-linux-x86_64, r-release-linux-x86_64, r-release-macos-arm64, r-release-macos-x86_64, r-release-windows-x86_64
Version: 2.2.0
Check: package dependencies
Result: NOTE
Package suggested but not available for checking: 'doMC'
Flavors: r-prerel-windows-x86_64, r-release-windows-x86_64, r-oldrel-windows-x86_64