CRAN Package Check Results for Package lfmm

Last updated on 2022-01-23 22:49:45 CET.

Flavor Version Tinstall Tcheck Ttotal Status Flags
r-devel-linux-x86_64-debian-clang 1.1 40.67 196.31 236.98 OK
r-devel-linux-x86_64-debian-gcc 1.1 32.88 157.22 190.10 OK
r-devel-linux-x86_64-fedora-clang 1.1 302.21 NOTE
r-devel-linux-x86_64-fedora-gcc 1.1 281.60 NOTE
r-devel-windows-x86_64-new-UL 1.1 61.00 260.00 321.00 OK
r-devel-windows-x86_64-new-TK 1.1 NOTE
r-patched-linux-x86_64 1.1 41.37 188.02 229.39 OK
r-release-linux-x86_64 1.1 38.97 189.27 228.24 OK
r-release-macos-arm64 1.1 NOTE
r-release-macos-x86_64 1.1 NOTE
r-release-windows-ix86+x86_64 1.1 94.00 354.00 448.00 OK
r-oldrel-macos-x86_64 1.1 NOTE
r-oldrel-windows-ix86+x86_64 1.1 94.00 385.00 479.00 OK

Check Details

Version: 1.1
Check: installed package size
Result: NOTE
     installed size is 11.4Mb
     sub-directories of 1Mb or more:
     data 1.8Mb
     libs 9.0Mb
Flavors: r-devel-linux-x86_64-fedora-clang, r-release-macos-arm64, r-release-macos-x86_64, r-oldrel-macos-x86_64

Version: 1.1
Check: dependencies in R code
Result: NOTE
    Namespaces in Imports field not imported from:
     ‘ggplot2’ ‘knitr’ ‘purrr’ ‘rmarkdown’
     All declared Imports should be used.
Flavors: r-devel-linux-x86_64-fedora-clang, r-devel-linux-x86_64-fedora-gcc, r-devel-windows-x86_64-new-TK, r-release-macos-arm64, r-release-macos-x86_64, r-oldrel-macos-x86_64