CRAN Package Check Results for Package lgr

Last updated on 2022-08-11 23:00:04 CEST.

Flavor Version Tinstall Tcheck Ttotal Status Flags
r-devel-linux-x86_64-debian-clang 0.4.3 18.10 74.71 92.81 NOTE
r-devel-linux-x86_64-debian-gcc 0.4.3 15.02 57.16 72.18 NOTE
r-devel-linux-x86_64-fedora-clang 0.4.3 120.03 OK
r-devel-linux-x86_64-fedora-gcc 0.4.3 121.07 OK
r-devel-windows-x86_64 0.4.3 68.00 113.00 181.00 OK
r-patched-linux-x86_64 0.4.3 20.38 68.18 88.56 OK
r-release-linux-x86_64 0.4.3 19.21 68.05 87.26 OK
r-release-macos-arm64 0.4.3 34.00 OK
r-release-macos-x86_64 0.4.3 53.00 OK
r-release-windows-x86_64 0.4.3 81.00 112.00 193.00 OK
r-oldrel-macos-arm64 0.4.3 35.00 OK
r-oldrel-macos-x86_64 0.4.3 72.00 OK
r-oldrel-windows-ix86+x86_64 0.4.3 28.00 93.00 121.00 OK

Check Details

Version: 0.4.3
Check: HTML version of manual
Result: NOTE
    Found the following HTML validation problems:
    Appender.html:88:6: Warning: missing </span> before <p>
    Appender.html:88:92: Warning: inserting implicit <span>
    Appender.html:91:6: Warning: missing </span> before <p>
    Appender.html:91:88: Warning: inserting implicit <span>
    Appender.html:94:6: Warning: missing </span> before <p>
    Appender.html:94:95: Warning: inserting implicit <span>
    Appender.html:97:6: Warning: missing </span> before <p>
    Appender.html:97:93: Warning: inserting implicit <span>
    Appender.html:88:6: Warning: trimming empty <span>
    Appender.html:91:6: Warning: trimming empty <span>
    Appender.html:94:6: Warning: trimming empty <span>
    Appender.html:97:6: Warning: trimming empty <span>
    AppenderBuffer.html:88:6: Warning: missing </span> before <p>
    AppenderBuffer.html:88:92: Warning: inserting implicit <span>
    AppenderBuffer.html:91:6: Warning: missing </span> before <p>
    AppenderBuffer.html:91:88: Warning: inserting implicit <span>
    AppenderBuffer.html:94:6: Warning: missing </span> before <p>
    AppenderBuffer.html:94:95: Warning: inserting implicit <span>
    AppenderBuffer.html:97:6: Warning: missing </span> before <p>
    AppenderBuffer.html:97:93: Warning: inserting implicit <span>
    AppenderBuffer.html:100:6: Warning: missing </span> before <p>
    AppenderBuffer.html:100:90: Warning: inserting implicit <span>
    AppenderBuffer.html:103:6: Warning: missing </span> before <p>
    AppenderBuffer.html:103:93: Warning: inserting implicit <span>
    AppenderBuffer.html:106:6: Warning: missing </span> before <p>
    AppenderBuffer.html:106:92: Warning: inserting implicit <span>
    AppenderBuffer.html:109:6: Warning: missing </span> before <p>
    AppenderBuffer.html:109:101: Warning: inserting implicit <span>
    AppenderBuffer.html:112:6: Warning: missing </span> before <p>
    AppenderBuffer.html:112:103: Warning: inserting implicit <span>
    AppenderBuffer.html:115:6: Warning: missing </span> before <p>
    AppenderBuffer.html:115:105: Warning: inserting implicit <span>
    AppenderBuffer.html:118:6: Warning: missing </span> before <p>
    AppenderBuffer.html:118:105: Warning: inserting implicit <span>
    AppenderBuffer.html:121:6: Warning: missing </span> before <p>
    AppenderBuffer.html:121:102: Warning: inserting implicit <span>
    AppenderBuffer.html:124:6: Warning: missing </span> before <p>
    AppenderBuffer.html:124:90: Warning: inserting implicit <span>
    AppenderBuffer.html:88:6: Warning: trimming empty <span>
    AppenderBuffer.html:91:6: Warning: trimming empty <span>
    AppenderBuffer.html:94:6: Warning: trimming empty <span>
    AppenderBuffer.html:97:6: Warning: trimming empty <span>
    AppenderBuffer.html:100:6: Warning: trimming empty <span>
    AppenderBuffer.html:103:6: Warning: trimming empty <span>
    AppenderBuffer.html:106:6: Warning: trimming empty <span>
    AppenderBuffer.html:109:6: Warning: trimming empty <span>
    AppenderBuffer.html:112:6: Warning: trimming empty <span>
    AppenderBuffer.html:115:6: Warning: trimming empty <span>
    AppenderBuffer.html:118:6: Warning: trimming empty <span>
    AppenderBuffer.html:121:6: Warning: trimming empty <span>
    AppenderBuffer.html:124:6: Warning: trimming empty <span>
    AppenderConsole.html:55:6: Warning: missing </span> before <p>
    AppenderConsole.html:55:92: Warning: inserting implicit <span>
    AppenderConsole.html:58:6: Warning: missing </span> before <p>
    AppenderConsole.html:58:88: Warning: inserting implicit <span>
    AppenderConsole.html:61:6: Warning: missing </span> before <p>
    AppenderConsole.html:61:95: Warning: inserting implicit <span>
    AppenderConsole.html:64:6: Warning: missing </span> before <p>
    AppenderConsole.html:64:93: Warning: inserting implicit <span>
    AppenderConsole.html:67:6: Warning: missing </span> before <p>
    AppenderConsole.html:67:86: Warning: inserting implicit <span>
    AppenderConsole.html:70:6: Warning: missing </span> before <p>
    AppenderConsole.html:70:90: Warning: inserting implicit <span>
    AppenderConsole.html:73:6: Warning: missing </span> before <p>
    AppenderConsole.html:73:93: Warning: inserting implicit <span>
    AppenderConsole.html:55:6: Warning: trimming empty <span>
    AppenderConsole.html:58:6: Warning: trimming empty <span>
    AppenderConsole.html:61:6: Warning: trimming empty <span>
    AppenderConsole.html:64:6: Warning: trimming empty <span>
    AppenderConsole.html:67:6: Warning: trimming empty <span>
    AppenderConsole.html:70:6: Warning: trimming empty <span>
    AppenderConsole.html:73:6: Warning: trimming empty <span>
    AppenderFile.html:81:6: Warning: missing </span> before <p>
    AppenderFile.html:81:92: Warning: inserting implicit <span>
    AppenderFile.html:84:6: Warning: missing </span> before <p>
    AppenderFile.html:84:88: Warning: inserting implicit <span>
    AppenderFile.html:87:6: Warning: missing </span> before <p>
    AppenderFile.html:87:95: Warning: inserting implicit <span>
    AppenderFile.html:90:6: Warning: missing </span> before <p>
    AppenderFile.html:90:93: Warning: inserting implicit <span>
    AppenderFile.html:93:6: Warning: missing </span> before <p>
    AppenderFile.html:93:86: Warning: inserting implicit <span>
    AppenderFile.html:96:6: Warning: missing </span> before <p>
    AppenderFile.html:96:90: Warning: inserting implicit <span>
    AppenderFile.html:99:6: Warning: missing </span> before <p>
    AppenderFile.html:99:93: Warning: inserting implicit <span>
    AppenderFile.html:226:6: Warning: missing </span> before <p>
    AppenderFile.html:226:92: Warning: inserting implicit <span>
    AppenderFile.html:229:6: Warning: missing </span> before <p>
    AppenderFile.html:229:88: Warning: inserting implicit <span>
    AppenderFile.html:232:6: Warning: missing </span> before <p>
    AppenderFile.html:232:95: Warning: inserting implicit <span>
    AppenderFile.html:235:6: Warning: missing </span> before <p>
    AppenderFile.html:235:93: Warning: inserting implicit <span>
    AppenderFile.html:238:6: Warning: missing </span> before <p>
    AppenderFile.html:238:86: Warning: inserting implicit <span>
    AppenderFile.html:241:6: Warning: missing </span> before <p>
    AppenderFile.html:241:90: Warning: inserting implicit <span>
    AppenderFile.html:244:6: Warning: missing </span> before <p>
    AppenderFile.html:244:93: Warning: inserting implicit <span>
    AppenderFile.html:247:6: Warning: missing </span> before <p>
    AppenderFile.html:247:90: Warning: inserting implicit <span>
    AppenderFile.html:250:6: Warning: missing </span> before <p>
    AppenderFile.html:250:92: Warning: inserting implicit <span>
    AppenderFile.html:253:6: Warning: missing </span> before <p>
    AppenderFile.html:253:88: Warning: inserting implicit <span>
    AppenderFile.html:260:1: Warning: <a> anchor "method-new" already defined
    AppenderFile.html:81:6: Warning: trimming empty <span>
    AppenderFile.html:84:6: Warning: trimming empty <span>
    AppenderFile.html:87:6: Warning: trimming empty <span>
    AppenderFile.html:90:6: Warning: trimming empty <span>
    AppenderFile.html:93:6: Warning: trimming empty <span>
    AppenderFile.html:96:6: Warning: trimming empty <span>
    AppenderFile.html:99:6: Warning: trimming empty <span>
    AppenderFile.html:226:6: Warning: trimming empty <span>
    AppenderFile.html:229:6: Warning: trimming empty <span>
    AppenderFile.html:232:6: Warning: trimming empty <span>
    AppenderFile.html:235:6: Warning: trimming empty <span>
    AppenderFile.html:238:6: Warning: trimming empty <span>
    AppenderFile.html:241:6: Warning: trimming empty <span>
    AppenderFile.html:244:6: Warning: trimming empty <span>
    AppenderFile.html:247:6: Warning: trimming empty <span>
    AppenderFile.html:250:6: Warning: trimming empty <span>
    AppenderFile.html:253:6: Warning: trimming empty <span>
    AppenderFileRotating.html:106:6: Warning: missing </span> before <p>
    AppenderFileRotating.html:106:92: Warning: inserting implicit <span>
    AppenderFileRotating.html:109:6: Warning: missing </span> before <p>
    AppenderFileRotating.html:109:88: Warning: inserting implicit <span>
    AppenderFileRotating.html:112:6: Warning: missing </span> before <p>
    AppenderFileRotating.html:112:95: Warning: inserting implicit <span>
    AppenderFileRotating.html:115:6: Warning: missing </span> before <p>
    AppenderFileRotating.html:115:93: Warning: inserting implicit <span>
    AppenderFileRotating.html:118:6: Warning: missing </span> before <p>
    AppenderFileRotating.html:118:90: Warning: inserting implicit <span>
    AppenderFileRotating.html:121:6: Warning: missing </span> before <p>
    AppenderFileRotating.html:121:93: Warning: inserting implicit <span>
    AppenderFileRotating.html:124:6: Warning: missing </span> before <p>
    AppenderFileRotating.html:124:88: Warning: inserting implicit <span>
    AppenderFileRotating.html:106:6: Warning: trimming empty <span>
    AppenderFileRotating.html:109:6: Warning: trimming empty <span>
    AppenderFileRotating.html:112:6: Warning: trimming empty <span>
    AppenderFileRotating.html:115:6: Warning: trimming empty <span>
    AppenderFileRotating.html:118:6: Warning: trimming empty <span>
    AppenderFileRotating.html:121:6: Warning: trimming empty <span>
    AppenderFileRotating.html:124:6: Warning: trimming empty <span>
    AppenderFileRotatingDate.html:62:6: Warning: missing </span> before <p>
    AppenderFileRotatingDate.html:62:92: Warning: inserting implicit <span>
    AppenderFileRotatingDate.html:65:6: Warning: missing </span> before <p>
    AppenderFileRotatingDate.html:65:88: Warning: inserting implicit <span>
    AppenderFileRotatingDate.html:68:6: Warning: missing </span> before <p>
    AppenderFileRotatingDate.html:68:95: Warning: inserting implicit <span>
    AppenderFileRotatingDate.html:71:6: Warning: missing </span> before <p>
    AppenderFileRotatingDate.html:71:93: Warning: inserting implicit <span>
    AppenderFileRotatingDate.html:74:6: Warning: missing </span> before <p>
    AppenderFileRotatingDate.html:74:90: Warning: inserting implicit <span>
    AppenderFileRotatingDate.html:77:6: Warning: missing </span> before <p>
    AppenderFileRotatingDate.html:77:93: Warning: inserting implicit <span>
    AppenderFileRotatingDate.html:80:6: Warning: missing </span> before <p>
    AppenderFileRotatingDate.html:80:88: Warning: inserting implicit <span>
    AppenderFileRotatingDate.html:83:6: Warning: missing </span> before <p>
    AppenderFileRotatingDate.html:83:98: Warning: inserting implicit <span>
    AppenderFileRotatingDate.html:86:6: Warning: missing </span> before <p>
    AppenderFileRotatingDate.html:86:97: Warning: inserting implicit <span>
    AppenderFileRotatingDate.html:89:6: Warning: missing </span> before <p>
    AppenderFileRotatingDate.html:89:106: Warning: inserting implicit <span>
    AppenderFileRotatingDate.html:92:6: Warning: missing </span> before <p>
    AppenderFileRotatingDate.html:92:107: Warning: inserting implicit <span>
    AppenderFileRotatingDate.html:95:6: Warning: missing </span> before <p>
    AppenderFileRotatingDate.html:95:107: Warning: inserting implicit <span>
    AppenderFileRotatingDate.html:98:6: Warning: missing </span> before <p>
    AppenderFileRotatingDate.html:98:100: Warning: inserting implicit <span>
    AppenderFileRotatingDate.html:101:6: Warning: missing </span> before <p>
    AppenderFileRotatingDate.html:101:107: Warning: inserting implicit <span>
    AppenderFileRotatingDate.html:104:6: Warning: missing </span> before <p>
    AppenderFileRotatingDate.html:104:100: Warning: inserting implicit <span>
    AppenderFileRotatingDate.html:107:6: Warning: missing </span> before <p>
    AppenderFileRotatingDate.html:107:98: Warning: inserting implicit <span>
    AppenderFileRotatingDate.html:110:6: Warning: missing </span> before <p>
    AppenderFileRotatingDate.html:110:98: Warning: inserting implicit <span>
    AppenderFileRotatingDate.html:113:6: Warning: missing </span> before <p>
    AppenderFileRotatingDate.html:113:99: Warning: inserting implicit <span>
    AppenderFileRotatingDate.html:116:6: Warning: missing </span> before <p>
    AppenderFileRotatingDate.html:116:109: Warning: inserting implicit <span>
    AppenderFileRotatingDate.html:119:6: Warning: missing </span> before <p>
    AppenderFileRotatingDate.html:119:99: Warning: inserting implicit <span>
    AppenderFileRotatingDate.html:122:6: Warning: missing </span> before <p>
    AppenderFileRotatingDate.html:122:105: Warning: inserting implicit <span>
    AppenderFileRotatingDate.html:62:6: Warning: trimming empty <span>
    AppenderFileRotatingDate.html:65:6: Warning: trimming empty <span>
    AppenderFileRotatingDate.html:68:6: Warning: trimming empty <span>
    AppenderFileRotatingDate.html:71:6: Warning: trimming empty <span>
    AppenderFileRotatingDate.html:74:6: Warning: trimming empty <span>
    AppenderFileRotatingDate.html:77:6: Warning: trimming empty <span>
    AppenderFileRotatingDate.html:80:6: Warning: trimming empty <span>
    AppenderFileRotatingDate.html:83:6: Warning: trimming empty <span>
    AppenderFileRotatingDate.html:86:6: Warning: trimming empty <span>
    AppenderFileRotatingDate.html:89:6: Warning: trimming empty <span>
    AppenderFileRotatingDate.html:92:6: Warning: trimming empty <span>
    AppenderFileRotatingDate.html:95:6: Warning: trimming empty <span>
    AppenderFileRotatingDate.html:98:6: Warning: trimming empty <span>
    AppenderFileRotatingDate.html:101:6: Warning: trimming empty <span>
    AppenderFileRotatingDate.html:104:6: Warning: trimming empty <span>
    AppenderFileRotatingDate.html:107:6: Warning: trimming empty <span>
    AppenderFileRotatingDate.html:110:6: Warning: trimming empty <span>
    AppenderFileRotatingDate.html:113:6: Warning: trimming empty <span>
    AppenderFileRotatingDate.html:116:6: Warning: trimming empty <span>
    AppenderFileRotatingDate.html:119:6: Warning: trimming empty <span>
    AppenderFileRotatingDate.html:122:6: Warning: trimming empty <span>
    AppenderFileRotatingTime.html:90:6: Warning: missing </span> before <p>
    AppenderFileRotatingTime.html:90:92: Warning: inserting implicit <span>
    AppenderFileRotatingTime.html:93:6: Warning: missing </span> before <p>
    AppenderFileRotatingTime.html:93:88: Warning: inserting implicit <span>
    AppenderFileRotatingTime.html:96:6: Warning: missing </span> before <p>
    AppenderFileRotatingTime.html:96:95: Warning: inserting implicit <span>
    AppenderFileRotatingTime.html:99:6: Warning: missing </span> before <p>
    AppenderFileRotatingTime.html:99:93: Warning: inserting implicit <span>
    AppenderFileRotatingTime.html:102:6: Warning: missing </span> before <p>
    AppenderFileRotatingTime.html:102:90: Warning: inserting implicit <span>
    AppenderFileRotatingTime.html:105:6: Warning: missing </span> before <p>
    AppenderFileRotatingTime.html:105:93: Warning: inserting implicit <span>
    AppenderFileRotatingTime.html:108:6: Warning: missing </span> before <p>
    AppenderFileRotatingTime.html:108:88: Warning: inserting implicit <span>
    AppenderFileRotatingTime.html:111:6: Warning: missing </span> before <p>
    AppenderFileRotatingTime.html:111:98: Warning: inserting implicit <span>
    AppenderFileRotatingTime.html:114:6: Warning: missing </span> before <p>
    AppenderFileRotatingTime.html:114:97: Warning: inserting implicit <span>
    AppenderFileRotatingTime.html:117:6: Warning: missing </span> before <p>
    AppenderFileRotatingTime.html:117:106: Warning: inserting implicit <span>
    AppenderFileRotatingTime.html:120:6: Warning: missing </span> before <p>
    AppenderFileRotatingTime.html:120:107: Warning: inserting implicit <span>
    AppenderFileRotatingTime.html:123:6: Warning: missing </span> before <p>
    AppenderFileRotatingTime.html:123:107: Warning: inserting implicit <span>
    AppenderFileRotatingTime.html:126:6: Warning: missing </span> before <p>
    AppenderFileRotatingTime.html:126:100: Warning: inserting implicit <span>
    AppenderFileRotatingTime.html:129:6: Warning: missing </span> before <p>
    AppenderFileRotatingTime.html:129:107: Warning: inserting implicit <span>
    AppenderFileRotatingTime.html:132:6: Warning: missing </span> before <p>
    AppenderFileRotatingTime.html:132:100: Warning: inserting implicit <span>
    AppenderFileRotatingTime.html:90:6: Warning: trimming empty <span>
    AppenderFileRotatingTime.html:93:6: Warning: trimming empty <span>
    AppenderFileRotatingTime.html:96:6: Warning: trimming empty <span>
    AppenderFileRotatingTime.html:99:6: Warning: trimming empty <span>
    AppenderFileRotatingTime.html:102:6: Warning: trimming empty <span>
    AppenderFileRotatingTime.html:105:6: Warning: trimming empty <span>
    AppenderFileRotatingTime.html:108:6: Warning: trimming empty <span>
    AppenderFileRotatingTime.html:111:6: Warning: trimming empty <span>
    AppenderFileRotatingTime.html:114:6: Warning: trimming empty <span>
    AppenderFileRotatingTime.html:117:6: Warning: trimming empty <span>
    AppenderFileRotatingTime.html:120:6: Warning: trimming empty <span>
    AppenderFileRotatingTime.html:123:6: Warning: trimming empty <span>
    AppenderFileRotatingTime.html:126:6: Warning: trimming empty <span>
    AppenderFileRotatingTime.html:129:6: Warning: trimming empty <span>
    AppenderFileRotatingTime.html:132:6: Warning: trimming empty <span>
    AppenderMemory.html:123:6: Warning: missing </span> before <p>
    AppenderMemory.html:123:92: Warning: inserting implicit <span>
    AppenderMemory.html:126:6: Warning: missing </span> before <p>
    AppenderMemory.html:126:88: Warning: inserting implicit <span>
    AppenderMemory.html:129:6: Warning: missing </span> before <p>
    AppenderMemory.html:129:95: Warning: inserting implicit <span>
    AppenderMemory.html:132:6: Warning: missing </span> before <p>
    AppenderMemory.html:132:93: Warning: inserting implicit <span>
    AppenderMemory.html:135:6: Warning: missing </span> before <p>
    AppenderMemory.html:135:90: Warning: inserting implicit <span>
    AppenderMemory.html:138:6: Warning: missing </span> before <p>
    AppenderMemory.html:138:93: Warning: inserting implicit <span>
    AppenderMemory.html:123:6: Warning: trimming empty <span>
    AppenderMemory.html:126:6: Warning: trimming empty <span>
    AppenderMemory.html:129:6: Warning: trimming empty <span>
    AppenderMemory.html:132:6: Warning: trimming empty <span>
    AppenderMemory.html:135:6: Warning: trimming empty <span>
    AppenderMemory.html:138:6: Warning: trimming empty <span>
    AppenderTable.html:81:6: Warning: missing </span> before <p>
    AppenderTable.html:81:92: Warning: inserting implicit <span>
    AppenderTable.html:84:6: Warning: missing </span> before <p>
    AppenderTable.html:84:88: Warning: inserting implicit <span>
    AppenderTable.html:87:6: Warning: missing </span> before <p>
    AppenderTable.html:87:95: Warning: inserting implicit <span>
    AppenderTable.html:90:6: Warning: missing </span> before <p>
    AppenderTable.html:90:93: Warning: inserting implicit <span>
    AppenderTable.html:93:6: Warning: missing </span> before <p>
    AppenderTable.html:93:86: Warning: inserting implicit <span>
    AppenderTable.html:96:6: Warning: missing </span> before <p>
    AppenderTable.html:96:90: Warning: inserting implicit <span>
    AppenderTable.html:99:6: Warning: missing </span> before <p>
    AppenderTable.html:99:93: Warning: inserting implicit <span>
    AppenderTable.html:81:6: Warning: trimming empty <span>
    AppenderTable.html:84:6: Warning: trimming empty <span>
    AppenderTable.html:87:6: Warning: trimming empty <span>
    AppenderTable.html:90:6: Warning: trimming empty <span>
    AppenderTable.html:93:6: Warning: trimming empty <span>
    AppenderTable.html:96:6: Warning: trimming empty <span>
    AppenderTable.html:99:6: Warning: trimming empty <span>
    Logger.html:146:6: Warning: missing </span> before <p>
    Logger.html:146:92: Warning: inserting implicit <span>
    Logger.html:149:6: Warning: missing </span> before <p>
    Logger.html:149:88: Warning: inserting implicit <span>
    Logger.html:152:6: Warning: missing </span> before <p>
    Logger.html:152:95: Warning: inserting implicit <span>
    Logger.html:155:6: Warning: missing </span> before <p>
    Logger.html:155:93: Warning: inserting implicit <span>
    Logger.html:146:6: Warning: trimming empty <span>
    Logger.html:149:6: Warning: trimming empty <span>
    Logger.html:152:6: Warning: trimming empty <span>
    Logger.html:155:6: Warning: trimming empty <span>
    LoggerGlue.html:88:6: Warning: missing </span> before <p>
    LoggerGlue.html:88:92: Warning: inserting implicit <span>
    LoggerGlue.html:91:6: Warning: missing </span> before <p>
    LoggerGlue.html:91:88: Warning: inserting implicit <span>
    LoggerGlue.html:94:6: Warning: missing </span> before <p>
    LoggerGlue.html:94:95: Warning: inserting implicit <span>
    LoggerGlue.html:97:6: Warning: missing </span> before <p>
    LoggerGlue.html:97:93: Warning: inserting implicit <span>
    LoggerGlue.html:100:6: Warning: missing </span> before <p>
    LoggerGlue.html:100:90: Warning: inserting implicit <span>
    LoggerGlue.html:103:6: Warning: missing </span> before <p>
    LoggerGlue.html:103:84: Warning: inserting implicit <span>
    LoggerGlue.html:106:6: Warning: missing </span> before <p>
    LoggerGlue.html:106:94: Warning: inserting implicit <span>
    LoggerGlue.html:109:6: Warning: missing </span> before <p>
    LoggerGlue.html:109:88: Warning: inserting implicit <span>
    LoggerGlue.html:112:6: Warning: missing </span> before <p>
    LoggerGlue.html:112:93: Warning: inserting implicit <span>
    LoggerGlue.html:115:6: Warning: missing </span> before <p>
    LoggerGlue.html:115:91: Warning: inserting implicit <span>
    LoggerGlue.html:118:6: Warning: missing </span> before <p>
    LoggerGlue.html:118:99: Warning: inserting implicit <span>
    LoggerGlue.html:121:6: Warning: missing </span> before <p>
    LoggerGlue.html:121:91: Warning: inserting implicit <span>
    LoggerGlue.html:124:6: Warning: missing </span> before <p>
    LoggerGlue.html:124:91: Warning: inserting implicit <span>
    LoggerGlue.html:88:6: Warning: trimming empty <span>
    LoggerGlue.html:91:6: Warning: trimming empty <span>
    LoggerGlue.html:94:6: Warning: trimming empty <span>
    LoggerGlue.html:97:6: Warning: trimming empty <span>
    LoggerGlue.html:100:6: Warning: trimming empty <span>
    LoggerGlue.html:103:6: Warning: trimming empty <span>
    LoggerGlue.html:106:6: Warning: trimming empty <span>
    LoggerGlue.html:109:6: Warning: trimming empty <span>
    LoggerGlue.html:112:6: Warning: trimming empty <span>
    LoggerGlue.html:115:6: Warning: trimming empty <span>
    LoggerGlue.html:118:6: Warning: trimming empty <span>
    LoggerGlue.html:121:6: Warning: trimming empty <span>
    LoggerGlue.html:124:6: Warning: trimming empty <span>
Flavors: r-devel-linux-x86_64-debian-clang, r-devel-linux-x86_64-debian-gcc