CRAN Package Check Results for Package liayson

Last updated on 2021-05-14 23:50:50 CEST.

Flavor Version Tinstall Tcheck Ttotal Status Flags
r-devel-linux-x86_64-debian-clang 1.0.3 29.52 280.82 310.34 OK
r-devel-linux-x86_64-debian-gcc 1.0.3 24.94 211.07 236.01 OK
r-devel-linux-x86_64-fedora-clang 1.0.3 397.15 OK
r-devel-linux-x86_64-fedora-gcc 1.0.3 398.59 OK
r-devel-windows-ix86+x86_64 1.0.3 67.00 229.00 296.00 OK
r-devel-windows-x86_64-gcc10-UCRT 1.0.3 OK
r-patched-linux-x86_64 1.0.3 29.16 264.43 293.59 OK
r-patched-solaris-x86 1.0.3 537.60 OK
r-release-linux-x86_64 1.0.3 25.01 254.70 279.71 OK
r-release-macos-x86_64 1.0.3 OK
r-release-windows-ix86+x86_64 1.0.3 59.00 361.00 420.00 OK
r-oldrel-macos-x86_64 1.0.3 OK
r-oldrel-windows-ix86+x86_64 1.0.3 37.00 264.00 301.00 WARN

Check Details

Version: 1.0.3
Check: re-building of vignette outputs
Result: WARN
    Error(s) in re-building vignettes:
    --- re-building 'liayson.Rnw' using Sweave
    Warning: `select_()` was deprecated in dplyr 0.7.0.
    Please use `select()` instead.
    This warning is displayed once every 8 hours.
    Call `lifecycle::last_warnings()` to see where this warning was generated.
    Warning: `filter_()` was deprecated in dplyr 0.7.0.
    Please use `filter()` instead.
    See vignette('programming') for more help
    This warning is displayed once every 8 hours.
    Call `lifecycle::last_warnings()` to see where this warning was generated.
    
    Error: processing vignette 'liayson.Rnw' failed with diagnostics:
     chunk 1
    Error in UseMethod("filter_") :
     no applicable method for 'filter_' applied to an object of class "c('tbl_SQLiteConnection', 'tbl_dbi', 'tbl_sql', 'tbl_lazy', 'tbl')"
    
    --- failed re-building 'liayson.Rnw'
    
    SUMMARY: processing the following file failed:
     'liayson.Rnw'
    
    Error: Vignette re-building failed.
    Execution halted
Flavor: r-oldrel-windows-ix86+x86_64