Last updated on 2025-01-19 22:49:15 CET.
Flavor | Version | Tinstall | Tcheck | Ttotal | Status | Flags |
---|---|---|---|---|---|---|
r-devel-linux-x86_64-debian-clang | 0.1.0 | 7.94 | 141.52 | 149.46 | NOTE | |
r-devel-linux-x86_64-debian-gcc | 0.1.0 | 6.06 | 98.92 | 104.98 | NOTE | |
r-devel-linux-x86_64-fedora-clang | 0.1.0 | 243.05 | OK | |||
r-devel-linux-x86_64-fedora-gcc | 0.1.0 | 244.28 | OK | |||
r-devel-windows-x86_64 | 0.1.0 | 11.00 | 304.00 | 315.00 | NOTE | |
r-patched-linux-x86_64 | 0.1.0 | 16.34 | 132.68 | 149.02 | OK | |
r-release-linux-x86_64 | 0.1.0 | 8.28 | 132.90 | 141.18 | OK | |
r-release-macos-arm64 | 0.1.0 | 79.00 | OK | |||
r-release-macos-x86_64 | 0.1.0 | 110.00 | OK | |||
r-release-windows-x86_64 | 0.1.0 | 10.00 | 334.00 | 344.00 | OK | |
r-oldrel-macos-arm64 | 0.1.0 | 80.00 | OK | |||
r-oldrel-macos-x86_64 | 0.1.0 | 124.00 | OK | |||
r-oldrel-windows-x86_64 | 0.1.0 | 13.00 | 276.00 | 289.00 | OK |
Version: 0.1.0
Check: Rd cross-references
Result: NOTE
Found the following Rd file(s) with Rd \link{} targets missing package
anchors:
Person.Rd: R6Class
Please provide package anchors for all Rd \link{} targets not in the
package itself and the base packages.
Flavors: r-devel-linux-x86_64-debian-clang, r-devel-linux-x86_64-debian-gcc, r-devel-windows-x86_64