CRAN Package Check Results for Package liger

Last updated on 2021-07-29 00:49:12 CEST.

Flavor Version Tinstall Tcheck Ttotal Status Flags
r-devel-linux-x86_64-debian-clang 2.0.1 OK
r-devel-linux-x86_64-debian-gcc 2.0.1 26.22 101.02 127.24 OK
r-devel-linux-x86_64-fedora-clang 2.0.1 244.26 NOTE
r-devel-linux-x86_64-fedora-gcc 2.0.1 215.25 OK
r-devel-windows-x86_64 2.0.1 33.00 181.00 214.00 NOTE
r-devel-windows-x86_64-gcc10-UCRT 2.0.1 OK
r-patched-linux-x86_64 2.0.1 30.81 135.51 166.32 OK
r-patched-solaris-x86 2.0.1 333.20 NOTE
r-release-linux-x86_64 2.0.1 30.92 135.39 166.31 OK
r-release-macos-arm64 2.0.1 NOTE
r-release-macos-x86_64 2.0.1 NOTE
r-release-windows-ix86+x86_64 2.0.1 83.00 202.00 285.00 NOTE
r-oldrel-macos-x86_64 2.0.1 NOTE
r-oldrel-windows-ix86+x86_64 2.0.1 64.00 209.00 273.00 NOTE

Check Details

Version: 2.0.1
Check: installed package size
Result: NOTE
     installed size is 6.7Mb
     sub-directories of 1Mb or more:
     data 3.3Mb
     doc 2.1Mb
     libs 1.1Mb
Flavors: r-devel-linux-x86_64-fedora-clang, r-devel-windows-x86_64, r-patched-solaris-x86, r-release-macos-arm64, r-release-macos-x86_64, r-release-windows-ix86+x86_64, r-oldrel-macos-x86_64, r-oldrel-windows-ix86+x86_64