Last updated on 2023-03-29 23:09:06 CEST.
Flavor | Version | Tinstall | Tcheck | Ttotal | Status | Flags |
---|---|---|---|---|---|---|
r-devel-linux-x86_64-debian-clang | 0.5.3 | 54.05 | 179.58 | 233.63 | OK | |
r-devel-linux-x86_64-debian-gcc | 0.5.3 | 38.60 | 130.25 | 168.85 | OK | |
r-devel-linux-x86_64-fedora-clang | 0.5.3 | 298.40 | OK | |||
r-devel-linux-x86_64-fedora-gcc | 0.5.3 | 290.62 | OK | |||
r-devel-windows-x86_64 | 0.5.3 | 73.00 | 0.00 | 73.00 | OK | |
r-patched-linux-x86_64 | 0.5.3 | 42.07 | 176.54 | 218.61 | OK | |
r-release-linux-x86_64 | 0.5.3 | 39.31 | 177.81 | 217.12 | OK | |
r-release-macos-arm64 | 0.5.3 | 74.00 | OK | |||
r-release-macos-x86_64 | 0.5.3 | 99.00 | OK | |||
r-release-windows-x86_64 | 0.5.3 | 62.00 | 235.00 | 297.00 | OK | |
r-oldrel-macos-arm64 | 0.5.3 | 67.00 | OK | |||
r-oldrel-macos-x86_64 | 0.5.3 | 102.00 | OK | |||
r-oldrel-windows-ix86+x86_64 | 0.5.3 | 118.00 | 328.00 | 446.00 | ERROR |
Version: 0.5.3
Check: running tests for arch ‘i386’
Result: ERROR
Running 'testthat.R' [54s]
Running the tests in 'tests/testthat.R' failed.
Complete output:
> library(testthat)
> library(lime)
>
> test_check("lime")
[ FAIL 0 | WARN 0 | SKIP 1 | PASS 22 ]
== Skipped tests ===============================================================
* On CRAN (1)
[ FAIL 0 | WARN 0 | SKIP 1 | PASS 22 ]
>
> proc.time()
user system elapsed
52.36 0.73 53.69
Flavor: r-oldrel-windows-ix86+x86_64