CRAN Package Check Results for Package lin.eval

Last updated on 2024-06-23 22:48:33 CEST.

Flavor Version Tinstall Tcheck Ttotal Status Flags
r-devel-linux-x86_64-debian-clang 0.1.2 3.88 45.64 49.52 NOTE
r-devel-linux-x86_64-debian-gcc 0.1.2 2.66 34.60 37.26 NOTE
r-devel-linux-x86_64-fedora-clang 0.1.2 63.61 NOTE
r-devel-linux-x86_64-fedora-gcc 0.1.2 75.34 NOTE
r-devel-windows-x86_64 0.1.2 5.00 58.00 63.00 NOTE
r-patched-linux-x86_64 0.1.2 3.53 43.76 47.29 NOTE
r-release-linux-x86_64 0.1.2 2.97 43.00 45.97 NOTE
r-release-macos-arm64 0.1.2 30.00 NOTE
r-release-macos-x86_64 0.1.2 42.00 NOTE
r-release-windows-x86_64 0.1.2 6.00 59.00 65.00 NOTE
r-oldrel-macos-arm64 0.1.2 32.00 NOTE
r-oldrel-macos-x86_64 0.1.2 50.00 NOTE
r-oldrel-windows-x86_64 0.1.2 7.00 62.00 69.00 NOTE

Check Details

Version: 0.1.2
Check: LazyData
Result: NOTE 'LazyData' is specified without a 'data' directory Flavors: r-devel-linux-x86_64-debian-clang, r-devel-linux-x86_64-debian-gcc, r-devel-linux-x86_64-fedora-clang, r-devel-linux-x86_64-fedora-gcc, r-devel-windows-x86_64, r-patched-linux-x86_64, r-release-linux-x86_64, r-release-macos-arm64, r-release-macos-x86_64, r-release-windows-x86_64, r-oldrel-macos-arm64, r-oldrel-macos-x86_64, r-oldrel-windows-x86_64