CRAN Package Check Results for Package lin.eval

Last updated on 2023-09-28 23:08:49 CEST.

Flavor Version Tinstall Tcheck Ttotal Status Flags
r-devel-linux-x86_64-debian-clang 0.1.2 5.67 44.12 49.79 NOTE
r-devel-linux-x86_64-debian-gcc 0.1.2 4.21 33.57 37.78 NOTE
r-devel-linux-x86_64-fedora-clang 0.1.2 59.40 NOTE
r-devel-linux-x86_64-fedora-gcc 0.1.2 72.03 NOTE
r-devel-windows-x86_64 0.1.2 6.00 58.00 64.00 NOTE
r-patched-linux-x86_64 0.1.2 3.83 41.97 45.80 NOTE
r-release-linux-x86_64 0.1.2 3.18 43.06 46.24 NOTE
r-release-macos-arm64 0.1.2 32.00 NOTE
r-release-macos-x86_64 0.1.2 50.00 NOTE
r-release-windows-x86_64 0.1.2 7.00 63.00 70.00 NOTE
r-oldrel-macos-arm64 0.1.2 26.00 NOTE
r-oldrel-macos-x86_64 0.1.2 47.00 NOTE
r-oldrel-windows-x86_64 0.1.2 7.00 64.00 71.00 NOTE

Check Details

Version: 0.1.2
Check: LazyData
Result: NOTE
     'LazyData' is specified without a 'data' directory
Flavors: r-devel-linux-x86_64-debian-clang, r-devel-linux-x86_64-debian-gcc, r-devel-linux-x86_64-fedora-clang, r-devel-linux-x86_64-fedora-gcc, r-devel-windows-x86_64, r-patched-linux-x86_64, r-release-linux-x86_64, r-release-macos-arm64, r-release-macos-x86_64, r-release-windows-x86_64, r-oldrel-macos-arm64, r-oldrel-macos-x86_64, r-oldrel-windows-x86_64