Last updated on 2024-05-02 22:54:43 CEST.
Flavor | Version | Tinstall | Tcheck | Ttotal | Status | Flags |
---|---|---|---|---|---|---|
r-devel-linux-x86_64-debian-clang | 1.0 | 8.55 | 85.73 | 94.28 | OK | |
r-devel-linux-x86_64-debian-gcc | 1.0 | 5.70 | 65.46 | 71.16 | OK | |
r-devel-linux-x86_64-fedora-clang | 1.0 | 116.94 | NOTE | |||
r-devel-linux-x86_64-fedora-gcc | 1.0 | 112.29 | NOTE | |||
r-devel-windows-x86_64 | 1.0 | 9.00 | 86.00 | 95.00 | OK | |
r-patched-linux-x86_64 | 1.0 | 6.64 | 81.68 | 88.32 | OK | |
r-release-linux-x86_64 | 1.0 | 8.59 | 81.28 | 89.87 | OK | |
r-release-macos-arm64 | 1.0 | 40.00 | OK | |||
r-release-windows-x86_64 | 1.0 | 10.00 | 85.00 | 95.00 | OK | |
r-oldrel-macos-arm64 | 1.0 | 44.00 | OK | |||
r-oldrel-macos-x86_64 | 1.0 | 69.00 | OK | |||
r-oldrel-windows-x86_64 | 1.0 | 12.00 | 98.00 | 110.00 | OK |
Version: 1.0
Check: compiled code
Result: NOTE
File ‘linERR/libs/linERR.so’:
Found no calls to: ‘R_registerRoutines’, ‘R_useDynamicSymbols’
It is good practice to register native routines and to disable symbol
search.
See ‘Writing portable packages’ in the ‘Writing R Extensions’ manual.
Flavors: r-devel-linux-x86_64-fedora-clang, r-devel-linux-x86_64-fedora-gcc