CRAN Package Check Results for Package lingtypology

Last updated on 2020-02-21 22:51:11 CET.

Flavor Version Tinstall Tcheck Ttotal Status Flags
r-devel-linux-x86_64-debian-clang 1.1.1 7.54 79.09 86.63 ERROR
r-devel-linux-x86_64-debian-gcc 1.1.1 6.10 70.42 76.52 OK
r-devel-linux-x86_64-fedora-clang 1.1.1 118.69 NOTE
r-devel-linux-x86_64-fedora-gcc 1.1.1 112.82 NOTE
r-devel-windows-ix86+x86_64 1.1.1 16.00 123.00 139.00 OK
r-devel-windows-ix86+x86_64-gcc8 1.1.1 19.00 171.00 190.00 OK
r-patched-linux-x86_64 1.1.1 OK
r-patched-solaris-x86 1.1.1 159.70 NOTE
r-release-linux-x86_64 1.1.1 6.13 82.00 88.13 OK
r-release-windows-ix86+x86_64 1.1.1 15.00 118.00 133.00 OK
r-release-osx-x86_64 1.1.1 NOTE
r-oldrel-windows-ix86+x86_64 1.1.1 10.00 104.00 114.00 OK
r-oldrel-osx-x86_64 1.1.1 NOTE

Check Details

Version: 1.1.1
Check: tests
Result: ERROR
     Running 'testthat.R' [16s/17s]
    Running the tests in 'tests/testthat.R' failed.
    Complete output:
     > library(testthat)
     > library(lingtypology)
     >
     > test_check("lingtypology")
     -- 1. Failure: aff.lang (@test-aff-lang.R#9) ----------------------------------
     aff.lang(df) not equal to c("Koreanic,Korean", "Indo-European,Balto-Slavic,Slavic,West Slavic,Lechitic,Polish").
     names for target but not for current
    
     -- 2. Failure: area.lang (@test-area-lang.R#9) --------------------------------
     area.lang(df) not equal to c("Eurasia", "Eurasia").
     names for target but not for current
    
     -- 3. Failure: iso.gltc (@test-gltc-iso.R#9) ----------------------------------
     gltc.iso(df) not equal to c(ady = "adyg1241", udi = "udii1243").
     Names: 2 string mismatches
    
     -- 4. Failure: gltc.lang (@test-gltc-lang.R#9) --------------------------------
     gltc.lang(df) not equal to c("adyg1241", "udii1243").
     names for target but not for current
    
     -- 5. Failure: iso.gltc (@test-iso-gltc.R#9) ----------------------------------
     iso.gltc(df) not equal to c(adyg1241 = "ady", udii1243 = "udi").
     Names: 2 string mismatches
    
     -- 6. Failure: iso.lang (@test-iso-lang.R#9) ----------------------------------
     iso.lang(df) not equal to c("ady", "udi").
     names for target but not for current
    
     -- 7. Failure: lang.aff (@test-lang-aff.R#17) ---------------------------------
     lang.aff(df) not equal to c(...).
     names for target but not for current
    
     -- 8. Failure: lang.gltc (@test-lang-gltc.R#8) --------------------------------
     lang.gltc(df) not equal to c(adyg1241 = "Adyghe", russ1263 = "Russian").
     Names: 2 string mismatches
    
     -- 9. Failure: lang.iso (@test-lang-iso.R#8) ----------------------------------
     lang.iso(df) not equal to c(ady = "Adyghe", rus = "Russian").
     Names: 2 string mismatches
    
     -- 10. Failure: lat.lang (@test-lat-lang.R#8) ---------------------------------
     lat.lang(df) not equal to c(44, 59).
     names for target but not for current
    
     -- 11. Failure: long.lang (@test-long-lang.R#9) -------------------------------
     long.lang(df) not equal to c(39.33, 50).
     names for target but not for current
    
     -- 12. Error: (unknown) (@test-mapfeature.R#276) ------------------------------
     y values must be 0 <= y <= 1
     Backtrace:
     1. lingtypology::map.feature(...)
     2. stats::glm(...)
     5. stats::glm.fit(...)
    
     == testthat results ===========================================================
     [ OK: 71 | SKIPPED: 0 | WARNINGS: 0 | FAILED: 12 ]
     1. Failure: aff.lang (@test-aff-lang.R#9)
     2. Failure: area.lang (@test-area-lang.R#9)
     3. Failure: iso.gltc (@test-gltc-iso.R#9)
     4. Failure: gltc.lang (@test-gltc-lang.R#9)
     5. Failure: iso.gltc (@test-iso-gltc.R#9)
     6. Failure: iso.lang (@test-iso-lang.R#9)
     7. Failure: lang.aff (@test-lang-aff.R#17)
     8. Failure: lang.gltc (@test-lang-gltc.R#8)
     9. Failure: lang.iso (@test-lang-iso.R#8)
     1. ...
    
     Error: testthat unit tests failed
     Execution halted
Flavor: r-devel-linux-x86_64-debian-clang

Version: 1.1.1
Check: data for non-ASCII characters
Result: NOTE
     Note: found 2029 marked UTF-8 strings
Flavors: r-devel-linux-x86_64-fedora-clang, r-devel-linux-x86_64-fedora-gcc, r-patched-solaris-x86, r-release-osx-x86_64, r-oldrel-osx-x86_64