CRAN Package Check Results for Package lingtypology

Last updated on 2019-09-22 22:46:50 CEST.

Flavor Version Tinstall Tcheck Ttotal Status Flags
r-devel-linux-x86_64-debian-clang 1.0.14 7.91 70.59 78.50 OK
r-devel-linux-x86_64-debian-gcc 1.0.14 6.87 53.32 60.19 OK
r-devel-linux-x86_64-fedora-clang 1.0.14 93.45 NOTE
r-devel-linux-x86_64-fedora-gcc 1.0.14 91.16 NOTE
r-devel-windows-ix86+x86_64 1.0.14 31.00 144.00 175.00 OK
r-patched-linux-x86_64 1.0.14 7.17 65.56 72.73 OK
r-patched-solaris-x86 1.0.14 129.60 NOTE
r-release-linux-x86_64 1.0.14 6.77 65.28 72.05 OK
r-release-windows-ix86+x86_64 1.0.14 26.00 122.00 148.00 OK
r-release-osx-x86_64 1.0.14 NOTE
r-oldrel-windows-ix86+x86_64 1.0.14 11.00 83.00 94.00 OK
r-oldrel-osx-x86_64 1.0.14 NOTE

Check Details

Version: 1.0.14
Check: data for non-ASCII characters
Result: NOTE
     Note: found 129 marked UTF-8 strings
Flavors: r-devel-linux-x86_64-fedora-clang, r-devel-linux-x86_64-fedora-gcc, r-patched-solaris-x86, r-release-osx-x86_64, r-oldrel-osx-x86_64