CRAN Package Check Results for Package lingtypology

Last updated on 2022-10-06 22:58:45 CEST.

Flavor Version Tinstall Tcheck Ttotal Status Flags
r-devel-linux-x86_64-debian-clang 1.1.9 9.14 106.23 115.37 OK
r-devel-linux-x86_64-debian-gcc 1.1.9 7.56 81.23 88.79 OK
r-devel-linux-x86_64-fedora-clang 1.1.9 151.86 NOTE
r-devel-linux-x86_64-fedora-gcc 1.1.9 145.35 NOTE
r-devel-windows-x86_64 1.1.9 86.00 189.00 275.00 OK
r-patched-linux-x86_64 1.1.9 15.59 97.04 112.63 OK
r-release-linux-x86_64 1.1.9 6.36 99.44 105.80 OK
r-release-macos-arm64 1.1.9 53.00 NOTE
r-release-macos-x86_64 1.1.9 67.00 NOTE
r-release-windows-x86_64 1.1.9 75.00 184.00 259.00 OK
r-oldrel-macos-arm64 1.1.9 47.00 NOTE
r-oldrel-macos-x86_64 1.1.9 67.00 NOTE
r-oldrel-windows-ix86+x86_64 1.1.9 20.00 172.00 192.00 OK

Check Details

Version: 1.1.9
Check: Rd cross-references
Result: NOTE
    Undeclared package ‘magrittr’ in Rd xrefs
Flavor: r-devel-linux-x86_64-fedora-clang

Version: 1.1.9
Check: data for non-ASCII characters
Result: NOTE
     Note: found 60596 marked UTF-8 strings
Flavors: r-devel-linux-x86_64-fedora-clang, r-devel-linux-x86_64-fedora-gcc, r-release-macos-arm64, r-release-macos-x86_64, r-oldrel-macos-arm64, r-oldrel-macos-x86_64