CRAN Package Check Results for Package linkprediction

Last updated on 2021-06-17 22:54:58 CEST.

Flavor Version Tinstall Tcheck Ttotal Status Flags
r-devel-linux-x86_64-debian-clang 1.0-0 2.12 29.24 31.36 NOTE
r-devel-linux-x86_64-debian-gcc 1.0-0 1.73 23.18 24.91 NOTE
r-devel-linux-x86_64-fedora-clang 1.0-0 47.25 NOTE
r-devel-linux-x86_64-fedora-gcc 1.0-0 38.55 NOTE
r-devel-windows-x86_64 1.0-0 4.00 47.00 51.00 NOTE
r-devel-windows-x86_64-gcc10-UCRT 1.0-0 NOTE
r-patched-linux-x86_64 1.0-0 2.56 28.10 30.66 NOTE
r-patched-solaris-x86 1.0-0 60.40 NOTE
r-release-linux-x86_64 1.0-0 2.39 28.42 30.81 NOTE
r-release-macos-arm64 1.0-0 NOTE
r-release-macos-x86_64 1.0-0 NOTE
r-release-windows-ix86+x86_64 1.0-0 6.00 47.00 53.00 NOTE
r-oldrel-macos-x86_64 1.0-0 OK
r-oldrel-windows-ix86+x86_64 1.0-0 4.00 52.00 56.00 OK

Check Details

Version: 1.0-0
Check: LazyData
Result: NOTE
     'LazyData' is specified without a 'data' directory
Flavors: r-devel-linux-x86_64-debian-clang, r-devel-linux-x86_64-debian-gcc, r-devel-linux-x86_64-fedora-clang, r-devel-linux-x86_64-fedora-gcc, r-devel-windows-x86_64, r-devel-windows-x86_64-gcc10-UCRT, r-patched-linux-x86_64, r-patched-solaris-x86, r-release-linux-x86_64, r-release-macos-arm64, r-release-macos-x86_64, r-release-windows-ix86+x86_64