Last updated on 2023-09-25 22:12:42 CEST.
Flavor | Version | Tinstall | Tcheck | Ttotal | Status | Flags |
---|---|---|---|---|---|---|
r-devel-linux-x86_64-debian-clang | 1.3.0 | 10.00 | 103.61 | 113.61 | NOTE | |
r-devel-linux-x86_64-debian-gcc | 1.3.0 | 8.09 | 75.89 | 83.98 | NOTE | |
r-devel-linux-x86_64-fedora-clang | 1.3.0 | 134.75 | NOTE | |||
r-devel-linux-x86_64-fedora-gcc | 1.3.0 | 145.05 | NOTE | |||
r-devel-windows-x86_64 | 1.3.0 | 11.00 | 93.00 | 104.00 | NOTE | |
r-patched-linux-x86_64 | 1.3.0 | 6.62 | 97.89 | 104.51 | NOTE | |
r-release-linux-x86_64 | 1.3.0 | 6.78 | 98.71 | 105.49 | NOTE | |
r-release-macos-arm64 | 1.3.0 | 44.00 | NOTE | |||
r-release-macos-x86_64 | 1.3.0 | 82.00 | NOTE | |||
r-release-windows-x86_64 | 1.3.0 | 13.00 | 113.00 | 126.00 | NOTE | |
r-oldrel-macos-arm64 | 1.3.0 | 34.00 | NOTE | |||
r-oldrel-macos-x86_64 | 1.3.0 | 83.00 | NOTE | |||
r-oldrel-windows-x86_64 | 1.3.0 | 15.00 | 116.00 | 131.00 | NOTE |
Version: 1.3.0
Check: LazyData
Result: NOTE
'LazyData' is specified without a 'data' directory
Flavors: r-devel-linux-x86_64-debian-clang, r-devel-linux-x86_64-debian-gcc, r-devel-linux-x86_64-fedora-clang, r-devel-linux-x86_64-fedora-gcc, r-devel-windows-x86_64, r-patched-linux-x86_64, r-release-linux-x86_64, r-release-macos-arm64, r-release-macos-x86_64, r-release-windows-x86_64, r-oldrel-macos-arm64, r-oldrel-macos-x86_64, r-oldrel-windows-x86_64