Last updated on 2024-04-18 22:52:46 CEST.
Flavor | Version | Tinstall | Tcheck | Ttotal | Status | Flags |
---|---|---|---|---|---|---|
r-devel-linux-x86_64-debian-clang | 0.0.2 | 5.20 | 59.91 | 65.11 | NOTE | |
r-devel-linux-x86_64-debian-gcc | 0.0.2 | 3.78 | 46.20 | 49.98 | NOTE | |
r-devel-linux-x86_64-fedora-clang | 0.0.2 | 81.67 | NOTE | |||
r-devel-linux-x86_64-fedora-gcc | 0.0.2 | 90.55 | NOTE | |||
r-prerel-macos-arm64 | 0.0.2 | 36.00 | NOTE | |||
r-prerel-windows-x86_64 | 0.0.2 | 6.00 | 68.00 | 74.00 | NOTE | |
r-patched-linux-x86_64 | 0.0.2 | 4.30 | 55.95 | 60.25 | NOTE | |
r-release-linux-x86_64 | 0.0.2 | 4.61 | 54.53 | 59.14 | NOTE | |
r-release-macos-arm64 | 0.0.2 | 41.00 | NOTE | |||
r-release-macos-x86_64 | 0.0.2 | 55.00 | NOTE | |||
r-release-windows-x86_64 | 0.0.2 | 6.00 | 75.00 | 81.00 | NOTE | |
r-oldrel-macos-arm64 | 0.0.2 | 26.00 | NOTE | |||
r-oldrel-windows-x86_64 | 0.0.2 | 7.00 | 82.00 | 89.00 | NOTE |
Version: 0.0.2
Check: LazyData
Result: NOTE
'LazyData' is specified without a 'data' directory
Flavors: r-devel-linux-x86_64-debian-clang, r-devel-linux-x86_64-debian-gcc, r-devel-linux-x86_64-fedora-clang, r-devel-linux-x86_64-fedora-gcc, r-prerel-macos-arm64, r-prerel-windows-x86_64, r-patched-linux-x86_64, r-release-linux-x86_64, r-release-macos-arm64, r-release-macos-x86_64, r-release-windows-x86_64, r-oldrel-macos-arm64, r-oldrel-windows-x86_64
Version: 0.0.2
Check: dependencies in R code
Result: NOTE
Namespace in Imports field not imported from: ‘R6’
All declared Imports should be used.
Flavors: r-devel-linux-x86_64-fedora-clang, r-devel-linux-x86_64-fedora-gcc, r-oldrel-macos-arm64