CRAN Package Check Results for Package linprog

Last updated on 2022-07-06 21:53:43 CEST.

Flavor Version Tinstall Tcheck Ttotal Status Flags
r-devel-linux-x86_64-debian-clang 0.9-4 2.83 27.87 30.70 NOTE
r-devel-linux-x86_64-debian-gcc 0.9-4 2.37 21.51 23.88 NOTE
r-devel-linux-x86_64-fedora-clang 0.9-4 47.88 NOTE
r-devel-linux-x86_64-fedora-gcc 0.9-4 47.19 NOTE
r-devel-windows-x86_64 0.9-4 13.00 52.00 65.00 NOTE
r-patched-linux-x86_64 0.9-4 3.22 27.27 30.49 OK
r-release-linux-x86_64 0.9-4 3.21 26.40 29.61 OK
r-release-macos-arm64 0.9-4 16.00 OK
r-release-macos-x86_64 0.9-4 23.00 OK
r-release-windows-x86_64 0.9-4 6.00 53.00 59.00 OK
r-oldrel-macos-arm64 0.9-4 23.00 OK
r-oldrel-macos-x86_64 0.9-4 24.00 OK
r-oldrel-windows-ix86+x86_64 0.9-4 6.00 43.00 49.00 OK

Check Details

Version: 0.9-4
Check: Rd files
Result: NOTE
    checkRd: (-1) solveLP.Rd:119: Escaped LaTeX specials: \&
Flavors: r-devel-linux-x86_64-debian-clang, r-devel-linux-x86_64-debian-gcc, r-devel-linux-x86_64-fedora-clang, r-devel-linux-x86_64-fedora-gcc, r-devel-windows-x86_64