CRAN Package Check Results for Package litterfitter

Last updated on 2024-02-22 21:51:44 CET.

Flavor Version Tinstall Tcheck Ttotal Status Flags
r-devel-linux-x86_64-debian-clang 0.1.3 OK
r-devel-linux-x86_64-debian-gcc 0.1.3 2.21 156.34 158.55 ERROR
r-devel-linux-x86_64-fedora-clang 0.1.3 267.54 OK
r-devel-linux-x86_64-fedora-gcc 0.1.3 270.30 OK
r-devel-windows-x86_64 0.1.3 3.00 171.00 174.00 OK
r-patched-linux-x86_64 0.1.3 3.42 216.69 220.11 OK
r-release-linux-x86_64 0.1.3 2.74 212.51 215.25 OK
r-release-macos-arm64 0.1.3 83.00 OK
r-release-macos-x86_64 0.1.3 207.00 OK
r-release-windows-x86_64 0.1.3 4.00 222.00 226.00 OK
r-oldrel-macos-arm64 0.1.3 67.00 OK
r-oldrel-windows-x86_64 0.1.3 4.00 228.00 232.00 OK

Check Details

Version: 0.1.3
Check: tests
Result: ERROR Running ‘testthat.R’ [117s/173s] Running the tests in ‘tests/testthat.R’ failed. Complete output: > library(testthat) > library(litterfitter) > > test_check("litterfitter") [ FAIL 1 | WARN 0 | SKIP 0 | PASS 29 ] ══ Failed tests ════════════════════════════════════════════════════════════════ ── Failure ('test-fit_litter.R:91:3'): known parameter fits on boundary ──────── `fit_litter(...)` did not produce any warnings. [ FAIL 1 | WARN 0 | SKIP 0 | PASS 29 ] Error: Test failures Execution halted Flavor: r-devel-linux-x86_64-debian-gcc